{"id":10559,"date":"2026-03-06T17:01:28","date_gmt":"2026-03-06T22:01:28","guid":{"rendered":"https:\/\/iglesiatrinacristoes.org\/?post_type=product&#038;p=10559"},"modified":"2026-03-06T17:04:13","modified_gmt":"2026-03-06T22:04:13","slug":"biblia-de-referencia-thompson-pasta-azul-claro-version-rvr","status":"publish","type":"product","link":"https:\/\/iglesiatrinacristoes.org\/index.php\/producto\/biblia-de-referencia-thompson-pasta-azul-claro-version-rvr\/","title":{"rendered":"Biblia De Referencia  Thompson  Pasta Azul Claro Versi\u00f3n  (RVR)"},"content":{"rendered":"<style type=\"text\/css\"><\/style><p>Editorial<br \/>\nVida<br \/>\nDimensiones<br \/>\n22 X 14 X 3.3 cm<br \/>\nCubierta<br \/>\nTapa dura<br \/>\nIdioma: Espa\u00f1ol<\/p>\n<p>Biblia de referencia<br \/>\nThompson<br \/>\nCon vers\u00edculos en cada tem\u00e1tica<\/p>\n<p>Contenido<br \/>\n* An\u00e1lisis de los libros<br \/>\n* Estudios bosquejados de la Biblia<br \/>\n*Armon\u00edas b\u00edblicas y estudios ilustrados<br \/>\n* Diecis\u00e9is mapas a todo color.<\/p>\n<p>Caracter\u00edsticas especiales<br \/>\n* Tipos prof\u00e9ticos y profec\u00edas mesi\u00e1nicas en rojo<br \/>\n*Principios del estudio de la Biblia<br \/>\n*\u00cdndice de temas en cadena<br \/>\n*Lecturas b\u00edblicas<br \/>\n*origen y desarrollo de la Biblia en espa\u00f1ol<br \/>\n*Bosquejos condensados de la Biblia<br \/>\n*Per\u00edodos de la historia b\u00edblica<br \/>\n*Personajes prominentes<br \/>\n*Bosquejo hist\u00f3rico de los ap\u00f3stoles<br \/>\n*Descripciones de Cristo<br \/>\n*Profec\u00edas acerca de Jes\u00fas<br \/>\nViajes de Abraham y de los hijos de Israel<br \/>\n*Viajes de Jes\u00fas<br \/>\n*Viajes de Pablo<br \/>\n*Vida de Mois\u00e9s<\/p>\n<p>*Concordancia<br \/>\n*Suplemento arqueol\u00f3gico<br \/>\n*Revisi\u00f3n de 1960<br \/>\n*Palabras de Jes\u00fas en letras rojas<\/p>\n<p>*Vida de Josu\u00e9<br \/>\n*Vida de Gede\u00f3n<br \/>\n*Vida de Samuel<br \/>\n*Vida de David<br \/>\n*Vida de Salom\u00f3n<br \/>\n*Vida de Jes\u00fas<br \/>\n*Vida de Pedro<br \/>\n*Vida de Pablo<br \/>\n*Armon\u00eda de los evangelios<br \/>\n*Las siete iglesias de Asia<br \/>\n* Bosquejos hist\u00f3ricos de la iglesia primitiva<br \/>\n*Cap\u00edtulos de oro<br \/>\n*Tesoro de temas<br \/>\n*Textos para el evangelismo personal<br \/>\n*Como marcar la Biblia<br \/>\n*Lugares de adoraci\u00f3n religiosa<br \/>\n*Mnemotecnia<\/p>\n","protected":false},"excerpt":{"rendered":"<p>ISBN 9780829750317<br \/>\nDescripci\u00f3n<br \/>\nLa Biblia de Referencia Thompson tama\u00f1o personal es la herramienta ideal para el estudio b\u00edblico, para la exposici\u00f3n de las tem\u00e1ticas b\u00edblicas y para profundizar en t\u00f3picos espec\u00edficos por medio de un sistema de referencias en cadena que la han convertido en la m\u00e1s utilizada por los pastores, maestros y estudiosos de las santas escrituras. En esta edici\u00f3n , el lector disfrutar\u00e1 del texto b\u00edblico en un nuevo tratamiento tipogr\u00e1fico.<\/p>\n<p>CARACTER\u00cdSTICAS:<br \/>\n&#8211; 22 cm de Alto x 14.5 cm de Ancho x 4 cm de Grosor.<br \/>\n&#8211; Tama\u00f1o de la letra, peque\u00f1a<br \/>\n&#8211; Texto b\u00edblico Reina Valera 1960.<br \/>\n&#8211; Palabras de Jes\u00fas resaltadas en Rojo.<br \/>\n&#8211; \u00cdndice de temas en cadena.<br \/>\n&#8211; Lecturas b\u00edblicas.<br \/>\n&#8211; Estudios bosquejados de la Biblia.<br \/>\n&#8211; Estudios de personajes.<br \/>\n&#8211; Armon\u00edas b\u00edblicas y estudios ilustrados.<br \/>\n&#8211; Esquinas redondeadas.<br \/>\n&#8211; Suplemento arqueol\u00f3gico.<br \/>\n&#8211; Concordancia.<\/p>\n","protected":false},"featured_media":10560,"comment_status":"open","ping_status":"closed","template":"","meta":{"om_disable_all_campaigns":false},"product_brand":[],"product_cat":[86],"product_tag":[],"class_list":{"0":"post-10559","1":"product","2":"type-product","3":"status-publish","4":"has-post-thumbnail","6":"product_cat-libreria","8":"first","9":"instock","10":"shipping-taxable","11":"purchasable","12":"product-type-simple"},"yoast_head":"<!-- This site is optimized with the Yoast SEO plugin v26.3 - https:\/\/yoast.com\/wordpress\/plugins\/seo\/ -->\n<title>Biblia De Referencia Thompson Pasta Azul Claro Versi\u00f3n (RVR) - Iglesia Trina &quot;Cristo Es&quot;<\/title>\n<meta name=\"robots\" content=\"index, follow, max-snippet:-1, max-image-preview:large, max-video-preview:-1\" \/>\n<link rel=\"canonical\" href=\"https:\/\/iglesiatrinacristoes.org\/index.php\/producto\/biblia-de-referencia-thompson-pasta-azul-claro-version-rvr\/\" \/>\n<meta property=\"og:locale\" content=\"es_ES\" \/>\n<meta property=\"og:type\" content=\"article\" \/>\n<meta property=\"og:title\" content=\"Biblia De Referencia Thompson Pasta Azul Claro Versi\u00f3n (RVR) - Iglesia Trina &quot;Cristo Es&quot;\" \/>\n<meta property=\"og:description\" content=\"ISBN 9780829750317 Descripci\u00f3n La Biblia de Referencia Thompson tama\u00f1o personal es la herramienta ideal para el estudio b\u00edblico, para la exposici\u00f3n de las tem\u00e1ticas b\u00edblicas y para profundizar en t\u00f3picos espec\u00edficos por medio de un sistema de referencias en cadena que la han convertido en la m\u00e1s utilizada por los pastores, maestros y estudiosos de las santas escrituras. En esta edici\u00f3n , el lector disfrutar\u00e1 del texto b\u00edblico en un nuevo tratamiento tipogr\u00e1fico.  CARACTER\u00cdSTICAS: - 22 cm de Alto x 14.5 cm de Ancho x 4 cm de Grosor. - Tama\u00f1o de la letra, peque\u00f1a - Texto b\u00edblico Reina Valera 1960. - Palabras de Jes\u00fas resaltadas en Rojo. - \u00cdndice de temas en cadena. - Lecturas b\u00edblicas. - Estudios bosquejados de la Biblia. - Estudios de personajes. - Armon\u00edas b\u00edblicas y estudios ilustrados. - Esquinas redondeadas. - Suplemento arqueol\u00f3gico. - Concordancia.\" \/>\n<meta property=\"og:url\" content=\"https:\/\/iglesiatrinacristoes.org\/index.php\/producto\/biblia-de-referencia-thompson-pasta-azul-claro-version-rvr\/\" \/>\n<meta property=\"og:site_name\" content=\"Iglesia Trina &quot;Cristo Es&quot;\" \/>\n<meta property=\"article:modified_time\" content=\"2026-03-06T22:04:13+00:00\" \/>\n<meta property=\"og:image\" content=\"http:\/\/iglesiatrinacristoes.org\/wp-content\/uploads\/2026\/03\/Biblia-De-Referencia-Thompson-Pasta-Azul-Claro-Version-RVR.png\" \/>\n\t<meta property=\"og:image:width\" content=\"265\" \/>\n\t<meta property=\"og:image:height\" content=\"400\" \/>\n\t<meta property=\"og:image:type\" content=\"image\/png\" \/>\n<meta name=\"twitter:card\" content=\"summary_large_image\" \/>\n<meta name=\"twitter:label1\" content=\"Tiempo de lectura\" \/>\n\t<meta name=\"twitter:data1\" content=\"2 minutos\" \/>\n<script type=\"application\/ld+json\" class=\"yoast-schema-graph\">{\"@context\":\"https:\/\/schema.org\",\"@graph\":[{\"@type\":\"WebPage\",\"@id\":\"https:\/\/iglesiatrinacristoes.org\/index.php\/producto\/biblia-de-referencia-thompson-pasta-azul-claro-version-rvr\/\",\"url\":\"https:\/\/iglesiatrinacristoes.org\/index.php\/producto\/biblia-de-referencia-thompson-pasta-azul-claro-version-rvr\/\",\"name\":\"Biblia De Referencia Thompson Pasta Azul Claro Versi\u00f3n (RVR) - Iglesia Trina &quot;Cristo Es&quot;\",\"isPartOf\":{\"@id\":\"https:\/\/iglesiatrinacristoes.org\/#website\"},\"primaryImageOfPage\":{\"@id\":\"https:\/\/iglesiatrinacristoes.org\/index.php\/producto\/biblia-de-referencia-thompson-pasta-azul-claro-version-rvr\/#primaryimage\"},\"image\":{\"@id\":\"https:\/\/iglesiatrinacristoes.org\/index.php\/producto\/biblia-de-referencia-thompson-pasta-azul-claro-version-rvr\/#primaryimage\"},\"thumbnailUrl\":\"https:\/\/iglesiatrinacristoes.org\/wp-content\/uploads\/2026\/03\/Biblia-De-Referencia-Thompson-Pasta-Azul-Claro-Version-RVR.png\",\"datePublished\":\"2026-03-06T22:01:28+00:00\",\"dateModified\":\"2026-03-06T22:04:13+00:00\",\"breadcrumb\":{\"@id\":\"https:\/\/iglesiatrinacristoes.org\/index.php\/producto\/biblia-de-referencia-thompson-pasta-azul-claro-version-rvr\/#breadcrumb\"},\"inLanguage\":\"es-CO\",\"potentialAction\":[{\"@type\":\"ReadAction\",\"target\":[\"https:\/\/iglesiatrinacristoes.org\/index.php\/producto\/biblia-de-referencia-thompson-pasta-azul-claro-version-rvr\/\"]}]},{\"@type\":\"ImageObject\",\"inLanguage\":\"es-CO\",\"@id\":\"https:\/\/iglesiatrinacristoes.org\/index.php\/producto\/biblia-de-referencia-thompson-pasta-azul-claro-version-rvr\/#primaryimage\",\"url\":\"https:\/\/iglesiatrinacristoes.org\/wp-content\/uploads\/2026\/03\/Biblia-De-Referencia-Thompson-Pasta-Azul-Claro-Version-RVR.png\",\"contentUrl\":\"https:\/\/iglesiatrinacristoes.org\/wp-content\/uploads\/2026\/03\/Biblia-De-Referencia-Thompson-Pasta-Azul-Claro-Version-RVR.png\",\"width\":265,\"height\":400},{\"@type\":\"BreadcrumbList\",\"@id\":\"https:\/\/iglesiatrinacristoes.org\/index.php\/producto\/biblia-de-referencia-thompson-pasta-azul-claro-version-rvr\/#breadcrumb\",\"itemListElement\":[{\"@type\":\"ListItem\",\"position\":1,\"name\":\"Inicio\",\"item\":\"https:\/\/iglesiatrinacristoes.org\/\"},{\"@type\":\"ListItem\",\"position\":2,\"name\":\"Tienda\",\"item\":\"https:\/\/iglesiatrinacristoes.org\/index.php\/tienda\/\"},{\"@type\":\"ListItem\",\"position\":3,\"name\":\"Biblia De Referencia Thompson Pasta Azul Claro Versi\u00f3n (RVR)\"}]},{\"@type\":\"WebSite\",\"@id\":\"https:\/\/iglesiatrinacristoes.org\/#website\",\"url\":\"https:\/\/iglesiatrinacristoes.org\/\",\"name\":\"Iglesia Trina &quot;Cristo Es&quot;\",\"description\":\"Iglesia Trina &quot;Cristo Es&quot;\",\"publisher\":{\"@id\":\"https:\/\/iglesiatrinacristoes.org\/#organization\"},\"potentialAction\":[{\"@type\":\"SearchAction\",\"target\":{\"@type\":\"EntryPoint\",\"urlTemplate\":\"https:\/\/iglesiatrinacristoes.org\/?s={search_term_string}\"},\"query-input\":{\"@type\":\"PropertyValueSpecification\",\"valueRequired\":true,\"valueName\":\"search_term_string\"}}],\"inLanguage\":\"es-CO\"},{\"@type\":\"Organization\",\"@id\":\"https:\/\/iglesiatrinacristoes.org\/#organization\",\"name\":\"Iglesia Trina &quot;Cristo Es&quot;\",\"url\":\"https:\/\/iglesiatrinacristoes.org\/\",\"logo\":{\"@type\":\"ImageObject\",\"inLanguage\":\"es-CO\",\"@id\":\"https:\/\/iglesiatrinacristoes.org\/#\/schema\/logo\/image\/\",\"url\":\"\",\"contentUrl\":\"\",\"caption\":\"Iglesia Trina &quot;Cristo Es&quot;\"},\"image\":{\"@id\":\"https:\/\/iglesiatrinacristoes.org\/#\/schema\/logo\/image\/\"}}]}<\/script>\n<!-- \/ Yoast SEO plugin. -->","yoast_head_json":{"title":"Biblia De Referencia Thompson Pasta Azul Claro Versi\u00f3n (RVR) - Iglesia Trina &quot;Cristo Es&quot;","robots":{"index":"index","follow":"follow","max-snippet":"max-snippet:-1","max-image-preview":"max-image-preview:large","max-video-preview":"max-video-preview:-1"},"canonical":"https:\/\/iglesiatrinacristoes.org\/index.php\/producto\/biblia-de-referencia-thompson-pasta-azul-claro-version-rvr\/","og_locale":"es_ES","og_type":"article","og_title":"Biblia De Referencia Thompson Pasta Azul Claro Versi\u00f3n (RVR) - Iglesia Trina &quot;Cristo Es&quot;","og_description":"ISBN 9780829750317 Descripci\u00f3n La Biblia de Referencia Thompson tama\u00f1o personal es la herramienta ideal para el estudio b\u00edblico, para la exposici\u00f3n de las tem\u00e1ticas b\u00edblicas y para profundizar en t\u00f3picos espec\u00edficos por medio de un sistema de referencias en cadena que la han convertido en la m\u00e1s utilizada por los pastores, maestros y estudiosos de las santas escrituras. En esta edici\u00f3n , el lector disfrutar\u00e1 del texto b\u00edblico en un nuevo tratamiento tipogr\u00e1fico.  CARACTER\u00cdSTICAS: - 22 cm de Alto x 14.5 cm de Ancho x 4 cm de Grosor. - Tama\u00f1o de la letra, peque\u00f1a - Texto b\u00edblico Reina Valera 1960. - Palabras de Jes\u00fas resaltadas en Rojo. - \u00cdndice de temas en cadena. - Lecturas b\u00edblicas. - Estudios bosquejados de la Biblia. - Estudios de personajes. - Armon\u00edas b\u00edblicas y estudios ilustrados. - Esquinas redondeadas. - Suplemento arqueol\u00f3gico. - Concordancia.","og_url":"https:\/\/iglesiatrinacristoes.org\/index.php\/producto\/biblia-de-referencia-thompson-pasta-azul-claro-version-rvr\/","og_site_name":"Iglesia Trina &quot;Cristo Es&quot;","article_modified_time":"2026-03-06T22:04:13+00:00","og_image":[{"width":265,"height":400,"url":"http:\/\/iglesiatrinacristoes.org\/wp-content\/uploads\/2026\/03\/Biblia-De-Referencia-Thompson-Pasta-Azul-Claro-Version-RVR.png","type":"image\/png"}],"twitter_card":"summary_large_image","twitter_misc":{"Tiempo de lectura":"2 minutos"},"schema":{"@context":"https:\/\/schema.org","@graph":[{"@type":"WebPage","@id":"https:\/\/iglesiatrinacristoes.org\/index.php\/producto\/biblia-de-referencia-thompson-pasta-azul-claro-version-rvr\/","url":"https:\/\/iglesiatrinacristoes.org\/index.php\/producto\/biblia-de-referencia-thompson-pasta-azul-claro-version-rvr\/","name":"Biblia De Referencia Thompson Pasta Azul Claro Versi\u00f3n (RVR) - Iglesia Trina &quot;Cristo Es&quot;","isPartOf":{"@id":"https:\/\/iglesiatrinacristoes.org\/#website"},"primaryImageOfPage":{"@id":"https:\/\/iglesiatrinacristoes.org\/index.php\/producto\/biblia-de-referencia-thompson-pasta-azul-claro-version-rvr\/#primaryimage"},"image":{"@id":"https:\/\/iglesiatrinacristoes.org\/index.php\/producto\/biblia-de-referencia-thompson-pasta-azul-claro-version-rvr\/#primaryimage"},"thumbnailUrl":"https:\/\/iglesiatrinacristoes.org\/wp-content\/uploads\/2026\/03\/Biblia-De-Referencia-Thompson-Pasta-Azul-Claro-Version-RVR.png","datePublished":"2026-03-06T22:01:28+00:00","dateModified":"2026-03-06T22:04:13+00:00","breadcrumb":{"@id":"https:\/\/iglesiatrinacristoes.org\/index.php\/producto\/biblia-de-referencia-thompson-pasta-azul-claro-version-rvr\/#breadcrumb"},"inLanguage":"es-CO","potentialAction":[{"@type":"ReadAction","target":["https:\/\/iglesiatrinacristoes.org\/index.php\/producto\/biblia-de-referencia-thompson-pasta-azul-claro-version-rvr\/"]}]},{"@type":"ImageObject","inLanguage":"es-CO","@id":"https:\/\/iglesiatrinacristoes.org\/index.php\/producto\/biblia-de-referencia-thompson-pasta-azul-claro-version-rvr\/#primaryimage","url":"https:\/\/iglesiatrinacristoes.org\/wp-content\/uploads\/2026\/03\/Biblia-De-Referencia-Thompson-Pasta-Azul-Claro-Version-RVR.png","contentUrl":"https:\/\/iglesiatrinacristoes.org\/wp-content\/uploads\/2026\/03\/Biblia-De-Referencia-Thompson-Pasta-Azul-Claro-Version-RVR.png","width":265,"height":400},{"@type":"BreadcrumbList","@id":"https:\/\/iglesiatrinacristoes.org\/index.php\/producto\/biblia-de-referencia-thompson-pasta-azul-claro-version-rvr\/#breadcrumb","itemListElement":[{"@type":"ListItem","position":1,"name":"Inicio","item":"https:\/\/iglesiatrinacristoes.org\/"},{"@type":"ListItem","position":2,"name":"Tienda","item":"https:\/\/iglesiatrinacristoes.org\/index.php\/tienda\/"},{"@type":"ListItem","position":3,"name":"Biblia De Referencia Thompson Pasta Azul Claro Versi\u00f3n (RVR)"}]},{"@type":"WebSite","@id":"https:\/\/iglesiatrinacristoes.org\/#website","url":"https:\/\/iglesiatrinacristoes.org\/","name":"Iglesia Trina &quot;Cristo Es&quot;","description":"Iglesia Trina &quot;Cristo Es&quot;","publisher":{"@id":"https:\/\/iglesiatrinacristoes.org\/#organization"},"potentialAction":[{"@type":"SearchAction","target":{"@type":"EntryPoint","urlTemplate":"https:\/\/iglesiatrinacristoes.org\/?s={search_term_string}"},"query-input":{"@type":"PropertyValueSpecification","valueRequired":true,"valueName":"search_term_string"}}],"inLanguage":"es-CO"},{"@type":"Organization","@id":"https:\/\/iglesiatrinacristoes.org\/#organization","name":"Iglesia Trina &quot;Cristo Es&quot;","url":"https:\/\/iglesiatrinacristoes.org\/","logo":{"@type":"ImageObject","inLanguage":"es-CO","@id":"https:\/\/iglesiatrinacristoes.org\/#\/schema\/logo\/image\/","url":"","contentUrl":"","caption":"Iglesia Trina &quot;Cristo Es&quot;"},"image":{"@id":"https:\/\/iglesiatrinacristoes.org\/#\/schema\/logo\/image\/"}}]}},"_links":{"self":[{"href":"https:\/\/iglesiatrinacristoes.org\/index.php\/wp-json\/wp\/v2\/product\/10559","targetHints":{"allow":["GET"]}}],"collection":[{"href":"https:\/\/iglesiatrinacristoes.org\/index.php\/wp-json\/wp\/v2\/product"}],"about":[{"href":"https:\/\/iglesiatrinacristoes.org\/index.php\/wp-json\/wp\/v2\/types\/product"}],"replies":[{"embeddable":true,"href":"https:\/\/iglesiatrinacristoes.org\/index.php\/wp-json\/wp\/v2\/comments?post=10559"}],"wp:featuredmedia":[{"embeddable":true,"href":"https:\/\/iglesiatrinacristoes.org\/index.php\/wp-json\/wp\/v2\/media\/10560"}],"wp:attachment":[{"href":"https:\/\/iglesiatrinacristoes.org\/index.php\/wp-json\/wp\/v2\/media?parent=10559"}],"wp:term":[{"taxonomy":"product_brand","embeddable":true,"href":"https:\/\/iglesiatrinacristoes.org\/index.php\/wp-json\/wp\/v2\/product_brand?post=10559"},{"taxonomy":"product_cat","embeddable":true,"href":"https:\/\/iglesiatrinacristoes.org\/index.php\/wp-json\/wp\/v2\/product_cat?post=10559"},{"taxonomy":"product_tag","embeddable":true,"href":"https:\/\/iglesiatrinacristoes.org\/index.php\/wp-json\/wp\/v2\/product_tag?post=10559"}],"curies":[{"name":"wp","href":"https:\/\/api.w.org\/{rel}","templated":true}]}}