{"id":10561,"date":"2026-03-06T17:05:35","date_gmt":"2026-03-06T22:05:35","guid":{"rendered":"https:\/\/iglesiatrinacristoes.org\/?post_type=product&#038;p=10561"},"modified":"2026-03-06T17:06:54","modified_gmt":"2026-03-06T22:06:54","slug":"biblia-de-referencia-thompson-milenio-pasta-azul-oscura-version-rvr","status":"publish","type":"product","link":"https:\/\/iglesiatrinacristoes.org\/index.php\/producto\/biblia-de-referencia-thompson-milenio-pasta-azul-oscura-version-rvr\/","title":{"rendered":"Biblia De Referencia  Thompson Milenio  Pasta Azul Oscura Versi\u00f3n  (RVR)"},"content":{"rendered":"<style type=\"text\/css\"><\/style><p>Editorial<br \/>\nVida<br \/>\nDimensiones<br \/>\n24 X 16 X 3.5 cm<br \/>\nCubierta<br \/>\nTapa dura<br \/>\nIdioma: Espa\u00f1ol<\/p>\n<p>Descripci\u00f3n<br \/>\nLa Biblia de Referencia Thompson, versi\u00f3n Reina-Valera 1960, es sin lugar a dudas la Biblia m\u00e1s completa que se puede encontrar. Es pr\u00e1cticamente una biblioteca de referencia b\u00edblica con m\u00e1s de 7,000 nombres, lugares y temas y m\u00e1s de 100,000 referencias analizadas y clasificadas de acuerdo con los conceptos.<\/p>\n<p>Las ayudas marginales est\u00e1n &#8216;encadenadas&#8217; a ocho secciones al final de la Biblia, donde la profusi\u00f3n de detalles es superior a cualquier otra Biblia publicada.<\/p>\n<p>Est\u00e1 dise\u00f1ada para ayudar al lector a identificar miles de temas significativos, conceptos, ideas y personajes b\u00edblicos, e investigar las referencias de estos temas a trav\u00e9s de toda la Biblia. Es un sistema completo, f\u00e1cil de entender y de usar. Esta es la Biblia ideal para el pastor, el maestro de Escuela Dominical, el laico y el estudiante.<\/p>\n","protected":false},"excerpt":{"rendered":"<p>Biblia de referencia<br \/>\nThompson<br \/>\nLa biblia de referencia Thompson es la herramienta ideal para el estudio b\u00edblico, para la exposici\u00f3n de las tem\u00e1ticas b\u00edblicas y para profundizar en t\u00f3picos espec\u00edficos por medio de un sistema de referencias en cadena que la han convertido en la m\u00e1s utilizada por los pastores, maestros y estudiosos de las Santas Escrituras. En esta edici\u00f3n, lector disfrutar\u00e1 del texto b\u00edblico en un nuevo tratamiento tipogr\u00e1fico.<br \/>\nContenido<br \/>\n\u2022 Texto b\u00edblico revisi\u00f3n de 1960<br \/>\n\u2022 \u00cdndice de temas en cadena<br \/>\n\u2022Lecturas b\u00edblicas<br \/>\n\u2022 Estudios bosquejados de la biblia<br \/>\n\u2022 Estudios de personajes<br \/>\n\u2022 Armon\u00edas b\u00edblicas y estudios ilustrados<br \/>\n\u2022 Esquinas redondeadas<br \/>\n\u2022 Suplemento arqueol\u00f3gico<br \/>\n\u2022 Concordancia<br \/>\n\u2022 Palabras de Jes\u00fas en letra roja<br \/>\nCARACTER\u00cdSTICAS ESPECIALES:<br \/>\n&#8211; Tipos prof\u00e9ticos y profec\u00edas resaltadas en Rojo.<br \/>\n&#8211; Principios del estudio de la Biblia.<br \/>\n&#8211; Origen y desarrollo de la Biblia en Espa\u00f1ol.<br \/>\n&#8211; Bosquejos condensados de la Biblia.<br \/>\n&#8211; Bosquejo hist\u00f3rico de los ap\u00f3stoles.<br \/>\n&#8211; Viajes de Abraham y de los hijos de Israel.<br \/>\n&#8211; Viajes de Jes\u00fas.<br \/>\n&#8211; Viajes de Pablo.<br \/>\n&#8211; Periodos de historia b\u00edblica.<br \/>\n&#8211; Personajes prominentes.<br \/>\n&#8211; Descripci\u00f3n sin\u00f3ptica de Cristo.<br \/>\n&#8211; Profec\u00edas acerca de Jes\u00fas.<br \/>\n&#8211; Vida de Mois\u00e9s.<br \/>\n&#8211; Vida de Josu\u00e9.<br \/>\n&#8211; Vida de Gede\u00f3n.<br \/>\n&#8211; Vida de Samuel.<br \/>\n&#8211; Vida de David.<br \/>\n&#8211; Vida de Salom\u00f3n.<br \/>\n&#8211; Vida de Jes\u00fas.<br \/>\n&#8211; Vida de Pedro.<br \/>\n&#8211; Vida de Pablo.<br \/>\n&#8211; Armon\u00eda de los Evangelios.<br \/>\n&#8211; Las siete iglesias de Asia.<br \/>\n&#8211; Bosquejo hist\u00f3rico de la iglesia primitiva.<br \/>\n&#8211; Cap\u00edtulos de oro.<br \/>\n&#8211; Tesoro de Temas.<br \/>\n&#8211; Textos para evangelismo personal.<br \/>\n&#8211; Mnemotecnia.<br \/>\n&#8211; Como marcar la Biblia.<br \/>\n&#8211; Lugares de adoraci\u00f3n religiosa.<\/p>\n","protected":false},"featured_media":10562,"comment_status":"open","ping_status":"closed","template":"","meta":{"om_disable_all_campaigns":false},"product_brand":[],"product_cat":[86],"product_tag":[],"class_list":{"0":"post-10561","1":"product","2":"type-product","3":"status-publish","4":"has-post-thumbnail","6":"product_cat-libreria","8":"first","9":"instock","10":"shipping-taxable","11":"purchasable","12":"product-type-simple"},"yoast_head":"<!-- This site is optimized with the Yoast SEO plugin v26.3 - https:\/\/yoast.com\/wordpress\/plugins\/seo\/ -->\n<title>Biblia De Referencia Thompson Milenio Pasta Azul Oscura Versi\u00f3n (RVR) - Iglesia Trina &quot;Cristo Es&quot;<\/title>\n<meta name=\"robots\" content=\"index, follow, max-snippet:-1, max-image-preview:large, max-video-preview:-1\" \/>\n<link rel=\"canonical\" href=\"https:\/\/iglesiatrinacristoes.org\/index.php\/producto\/biblia-de-referencia-thompson-milenio-pasta-azul-oscura-version-rvr\/\" \/>\n<meta property=\"og:locale\" content=\"es_ES\" \/>\n<meta property=\"og:type\" content=\"article\" \/>\n<meta property=\"og:title\" content=\"Biblia De Referencia Thompson Milenio Pasta Azul Oscura Versi\u00f3n (RVR) - Iglesia Trina &quot;Cristo Es&quot;\" \/>\n<meta property=\"og:description\" content=\"Biblia de referencia Thompson La biblia de referencia Thompson es la herramienta ideal para el estudio b\u00edblico, para la exposici\u00f3n de las tem\u00e1ticas b\u00edblicas y para profundizar en t\u00f3picos espec\u00edficos por medio de un sistema de referencias en cadena que la han convertido en la m\u00e1s utilizada por los pastores, maestros y estudiosos de las Santas Escrituras. En esta edici\u00f3n, lector disfrutar\u00e1 del texto b\u00edblico en un nuevo tratamiento tipogr\u00e1fico. Contenido \u2022 Texto b\u00edblico revisi\u00f3n de 1960 \u2022 \u00cdndice de temas en cadena \u2022Lecturas b\u00edblicas \u2022 Estudios bosquejados de la biblia \u2022 Estudios de personajes \u2022 Armon\u00edas b\u00edblicas y estudios ilustrados \u2022 Esquinas redondeadas \u2022 Suplemento arqueol\u00f3gico \u2022 Concordancia \u2022 Palabras de Jes\u00fas en letra roja CARACTER\u00cdSTICAS ESPECIALES: - Tipos prof\u00e9ticos y profec\u00edas resaltadas en Rojo. - Principios del estudio de la Biblia. - Origen y desarrollo de la Biblia en Espa\u00f1ol. - Bosquejos condensados de la Biblia. - Bosquejo hist\u00f3rico de los ap\u00f3stoles. - Viajes de Abraham y de los hijos de Israel. - Viajes de Jes\u00fas. - Viajes de Pablo. - Periodos de historia b\u00edblica. - Personajes prominentes. - Descripci\u00f3n sin\u00f3ptica de Cristo. - Profec\u00edas acerca de Jes\u00fas. - Vida de Mois\u00e9s. - Vida de Josu\u00e9. - Vida de Gede\u00f3n. - Vida de Samuel. - Vida de David. - Vida de Salom\u00f3n. - Vida de Jes\u00fas. - Vida de Pedro. - Vida de Pablo. - Armon\u00eda de los Evangelios. - Las siete iglesias de Asia. - Bosquejo hist\u00f3rico de la iglesia primitiva. - Cap\u00edtulos de oro. - Tesoro de Temas. - Textos para evangelismo personal. - Mnemotecnia. - Como marcar la Biblia. - Lugares de adoraci\u00f3n religiosa.\" \/>\n<meta property=\"og:url\" content=\"https:\/\/iglesiatrinacristoes.org\/index.php\/producto\/biblia-de-referencia-thompson-milenio-pasta-azul-oscura-version-rvr\/\" \/>\n<meta property=\"og:site_name\" content=\"Iglesia Trina &quot;Cristo Es&quot;\" \/>\n<meta property=\"article:modified_time\" content=\"2026-03-06T22:06:54+00:00\" \/>\n<meta property=\"og:image\" content=\"http:\/\/iglesiatrinacristoes.org\/wp-content\/uploads\/2026\/03\/Biblia-Estudio-Thompson-Milenio-Reina-Valera-1960-Tapa-Dura.png\" \/>\n\t<meta property=\"og:image:width\" content=\"265\" \/>\n\t<meta property=\"og:image:height\" content=\"400\" \/>\n\t<meta property=\"og:image:type\" content=\"image\/png\" \/>\n<meta name=\"twitter:card\" content=\"summary_large_image\" \/>\n<meta name=\"twitter:label1\" content=\"Tiempo de lectura\" \/>\n\t<meta name=\"twitter:data1\" content=\"1 minuto\" \/>\n<script type=\"application\/ld+json\" class=\"yoast-schema-graph\">{\"@context\":\"https:\/\/schema.org\",\"@graph\":[{\"@type\":\"WebPage\",\"@id\":\"https:\/\/iglesiatrinacristoes.org\/index.php\/producto\/biblia-de-referencia-thompson-milenio-pasta-azul-oscura-version-rvr\/\",\"url\":\"https:\/\/iglesiatrinacristoes.org\/index.php\/producto\/biblia-de-referencia-thompson-milenio-pasta-azul-oscura-version-rvr\/\",\"name\":\"Biblia De Referencia Thompson Milenio Pasta Azul Oscura Versi\u00f3n (RVR) - Iglesia Trina &quot;Cristo Es&quot;\",\"isPartOf\":{\"@id\":\"https:\/\/iglesiatrinacristoes.org\/#website\"},\"primaryImageOfPage\":{\"@id\":\"https:\/\/iglesiatrinacristoes.org\/index.php\/producto\/biblia-de-referencia-thompson-milenio-pasta-azul-oscura-version-rvr\/#primaryimage\"},\"image\":{\"@id\":\"https:\/\/iglesiatrinacristoes.org\/index.php\/producto\/biblia-de-referencia-thompson-milenio-pasta-azul-oscura-version-rvr\/#primaryimage\"},\"thumbnailUrl\":\"https:\/\/iglesiatrinacristoes.org\/wp-content\/uploads\/2026\/03\/Biblia-Estudio-Thompson-Milenio-Reina-Valera-1960-Tapa-Dura.png\",\"datePublished\":\"2026-03-06T22:05:35+00:00\",\"dateModified\":\"2026-03-06T22:06:54+00:00\",\"breadcrumb\":{\"@id\":\"https:\/\/iglesiatrinacristoes.org\/index.php\/producto\/biblia-de-referencia-thompson-milenio-pasta-azul-oscura-version-rvr\/#breadcrumb\"},\"inLanguage\":\"es-CO\",\"potentialAction\":[{\"@type\":\"ReadAction\",\"target\":[\"https:\/\/iglesiatrinacristoes.org\/index.php\/producto\/biblia-de-referencia-thompson-milenio-pasta-azul-oscura-version-rvr\/\"]}]},{\"@type\":\"ImageObject\",\"inLanguage\":\"es-CO\",\"@id\":\"https:\/\/iglesiatrinacristoes.org\/index.php\/producto\/biblia-de-referencia-thompson-milenio-pasta-azul-oscura-version-rvr\/#primaryimage\",\"url\":\"https:\/\/iglesiatrinacristoes.org\/wp-content\/uploads\/2026\/03\/Biblia-Estudio-Thompson-Milenio-Reina-Valera-1960-Tapa-Dura.png\",\"contentUrl\":\"https:\/\/iglesiatrinacristoes.org\/wp-content\/uploads\/2026\/03\/Biblia-Estudio-Thompson-Milenio-Reina-Valera-1960-Tapa-Dura.png\",\"width\":265,\"height\":400},{\"@type\":\"BreadcrumbList\",\"@id\":\"https:\/\/iglesiatrinacristoes.org\/index.php\/producto\/biblia-de-referencia-thompson-milenio-pasta-azul-oscura-version-rvr\/#breadcrumb\",\"itemListElement\":[{\"@type\":\"ListItem\",\"position\":1,\"name\":\"Inicio\",\"item\":\"https:\/\/iglesiatrinacristoes.org\/\"},{\"@type\":\"ListItem\",\"position\":2,\"name\":\"Tienda\",\"item\":\"https:\/\/iglesiatrinacristoes.org\/index.php\/tienda\/\"},{\"@type\":\"ListItem\",\"position\":3,\"name\":\"Biblia De Referencia Thompson Milenio Pasta Azul Oscura Versi\u00f3n (RVR)\"}]},{\"@type\":\"WebSite\",\"@id\":\"https:\/\/iglesiatrinacristoes.org\/#website\",\"url\":\"https:\/\/iglesiatrinacristoes.org\/\",\"name\":\"Iglesia Trina &quot;Cristo Es&quot;\",\"description\":\"Iglesia Trina &quot;Cristo Es&quot;\",\"publisher\":{\"@id\":\"https:\/\/iglesiatrinacristoes.org\/#organization\"},\"potentialAction\":[{\"@type\":\"SearchAction\",\"target\":{\"@type\":\"EntryPoint\",\"urlTemplate\":\"https:\/\/iglesiatrinacristoes.org\/?s={search_term_string}\"},\"query-input\":{\"@type\":\"PropertyValueSpecification\",\"valueRequired\":true,\"valueName\":\"search_term_string\"}}],\"inLanguage\":\"es-CO\"},{\"@type\":\"Organization\",\"@id\":\"https:\/\/iglesiatrinacristoes.org\/#organization\",\"name\":\"Iglesia Trina &quot;Cristo Es&quot;\",\"url\":\"https:\/\/iglesiatrinacristoes.org\/\",\"logo\":{\"@type\":\"ImageObject\",\"inLanguage\":\"es-CO\",\"@id\":\"https:\/\/iglesiatrinacristoes.org\/#\/schema\/logo\/image\/\",\"url\":\"\",\"contentUrl\":\"\",\"caption\":\"Iglesia Trina &quot;Cristo Es&quot;\"},\"image\":{\"@id\":\"https:\/\/iglesiatrinacristoes.org\/#\/schema\/logo\/image\/\"}}]}<\/script>\n<!-- \/ Yoast SEO plugin. -->","yoast_head_json":{"title":"Biblia De Referencia Thompson Milenio Pasta Azul Oscura Versi\u00f3n (RVR) - Iglesia Trina &quot;Cristo Es&quot;","robots":{"index":"index","follow":"follow","max-snippet":"max-snippet:-1","max-image-preview":"max-image-preview:large","max-video-preview":"max-video-preview:-1"},"canonical":"https:\/\/iglesiatrinacristoes.org\/index.php\/producto\/biblia-de-referencia-thompson-milenio-pasta-azul-oscura-version-rvr\/","og_locale":"es_ES","og_type":"article","og_title":"Biblia De Referencia Thompson Milenio Pasta Azul Oscura Versi\u00f3n (RVR) - Iglesia Trina &quot;Cristo Es&quot;","og_description":"Biblia de referencia Thompson La biblia de referencia Thompson es la herramienta ideal para el estudio b\u00edblico, para la exposici\u00f3n de las tem\u00e1ticas b\u00edblicas y para profundizar en t\u00f3picos espec\u00edficos por medio de un sistema de referencias en cadena que la han convertido en la m\u00e1s utilizada por los pastores, maestros y estudiosos de las Santas Escrituras. En esta edici\u00f3n, lector disfrutar\u00e1 del texto b\u00edblico en un nuevo tratamiento tipogr\u00e1fico. Contenido \u2022 Texto b\u00edblico revisi\u00f3n de 1960 \u2022 \u00cdndice de temas en cadena \u2022Lecturas b\u00edblicas \u2022 Estudios bosquejados de la biblia \u2022 Estudios de personajes \u2022 Armon\u00edas b\u00edblicas y estudios ilustrados \u2022 Esquinas redondeadas \u2022 Suplemento arqueol\u00f3gico \u2022 Concordancia \u2022 Palabras de Jes\u00fas en letra roja CARACTER\u00cdSTICAS ESPECIALES: - Tipos prof\u00e9ticos y profec\u00edas resaltadas en Rojo. - Principios del estudio de la Biblia. - Origen y desarrollo de la Biblia en Espa\u00f1ol. - Bosquejos condensados de la Biblia. - Bosquejo hist\u00f3rico de los ap\u00f3stoles. - Viajes de Abraham y de los hijos de Israel. - Viajes de Jes\u00fas. - Viajes de Pablo. - Periodos de historia b\u00edblica. - Personajes prominentes. - Descripci\u00f3n sin\u00f3ptica de Cristo. - Profec\u00edas acerca de Jes\u00fas. - Vida de Mois\u00e9s. - Vida de Josu\u00e9. - Vida de Gede\u00f3n. - Vida de Samuel. - Vida de David. - Vida de Salom\u00f3n. - Vida de Jes\u00fas. - Vida de Pedro. - Vida de Pablo. - Armon\u00eda de los Evangelios. - Las siete iglesias de Asia. - Bosquejo hist\u00f3rico de la iglesia primitiva. - Cap\u00edtulos de oro. - Tesoro de Temas. - Textos para evangelismo personal. - Mnemotecnia. - Como marcar la Biblia. - Lugares de adoraci\u00f3n religiosa.","og_url":"https:\/\/iglesiatrinacristoes.org\/index.php\/producto\/biblia-de-referencia-thompson-milenio-pasta-azul-oscura-version-rvr\/","og_site_name":"Iglesia Trina &quot;Cristo Es&quot;","article_modified_time":"2026-03-06T22:06:54+00:00","og_image":[{"width":265,"height":400,"url":"http:\/\/iglesiatrinacristoes.org\/wp-content\/uploads\/2026\/03\/Biblia-Estudio-Thompson-Milenio-Reina-Valera-1960-Tapa-Dura.png","type":"image\/png"}],"twitter_card":"summary_large_image","twitter_misc":{"Tiempo de lectura":"1 minuto"},"schema":{"@context":"https:\/\/schema.org","@graph":[{"@type":"WebPage","@id":"https:\/\/iglesiatrinacristoes.org\/index.php\/producto\/biblia-de-referencia-thompson-milenio-pasta-azul-oscura-version-rvr\/","url":"https:\/\/iglesiatrinacristoes.org\/index.php\/producto\/biblia-de-referencia-thompson-milenio-pasta-azul-oscura-version-rvr\/","name":"Biblia De Referencia Thompson Milenio Pasta Azul Oscura Versi\u00f3n (RVR) - Iglesia Trina &quot;Cristo Es&quot;","isPartOf":{"@id":"https:\/\/iglesiatrinacristoes.org\/#website"},"primaryImageOfPage":{"@id":"https:\/\/iglesiatrinacristoes.org\/index.php\/producto\/biblia-de-referencia-thompson-milenio-pasta-azul-oscura-version-rvr\/#primaryimage"},"image":{"@id":"https:\/\/iglesiatrinacristoes.org\/index.php\/producto\/biblia-de-referencia-thompson-milenio-pasta-azul-oscura-version-rvr\/#primaryimage"},"thumbnailUrl":"https:\/\/iglesiatrinacristoes.org\/wp-content\/uploads\/2026\/03\/Biblia-Estudio-Thompson-Milenio-Reina-Valera-1960-Tapa-Dura.png","datePublished":"2026-03-06T22:05:35+00:00","dateModified":"2026-03-06T22:06:54+00:00","breadcrumb":{"@id":"https:\/\/iglesiatrinacristoes.org\/index.php\/producto\/biblia-de-referencia-thompson-milenio-pasta-azul-oscura-version-rvr\/#breadcrumb"},"inLanguage":"es-CO","potentialAction":[{"@type":"ReadAction","target":["https:\/\/iglesiatrinacristoes.org\/index.php\/producto\/biblia-de-referencia-thompson-milenio-pasta-azul-oscura-version-rvr\/"]}]},{"@type":"ImageObject","inLanguage":"es-CO","@id":"https:\/\/iglesiatrinacristoes.org\/index.php\/producto\/biblia-de-referencia-thompson-milenio-pasta-azul-oscura-version-rvr\/#primaryimage","url":"https:\/\/iglesiatrinacristoes.org\/wp-content\/uploads\/2026\/03\/Biblia-Estudio-Thompson-Milenio-Reina-Valera-1960-Tapa-Dura.png","contentUrl":"https:\/\/iglesiatrinacristoes.org\/wp-content\/uploads\/2026\/03\/Biblia-Estudio-Thompson-Milenio-Reina-Valera-1960-Tapa-Dura.png","width":265,"height":400},{"@type":"BreadcrumbList","@id":"https:\/\/iglesiatrinacristoes.org\/index.php\/producto\/biblia-de-referencia-thompson-milenio-pasta-azul-oscura-version-rvr\/#breadcrumb","itemListElement":[{"@type":"ListItem","position":1,"name":"Inicio","item":"https:\/\/iglesiatrinacristoes.org\/"},{"@type":"ListItem","position":2,"name":"Tienda","item":"https:\/\/iglesiatrinacristoes.org\/index.php\/tienda\/"},{"@type":"ListItem","position":3,"name":"Biblia De Referencia Thompson Milenio Pasta Azul Oscura Versi\u00f3n (RVR)"}]},{"@type":"WebSite","@id":"https:\/\/iglesiatrinacristoes.org\/#website","url":"https:\/\/iglesiatrinacristoes.org\/","name":"Iglesia Trina &quot;Cristo Es&quot;","description":"Iglesia Trina &quot;Cristo Es&quot;","publisher":{"@id":"https:\/\/iglesiatrinacristoes.org\/#organization"},"potentialAction":[{"@type":"SearchAction","target":{"@type":"EntryPoint","urlTemplate":"https:\/\/iglesiatrinacristoes.org\/?s={search_term_string}"},"query-input":{"@type":"PropertyValueSpecification","valueRequired":true,"valueName":"search_term_string"}}],"inLanguage":"es-CO"},{"@type":"Organization","@id":"https:\/\/iglesiatrinacristoes.org\/#organization","name":"Iglesia Trina &quot;Cristo Es&quot;","url":"https:\/\/iglesiatrinacristoes.org\/","logo":{"@type":"ImageObject","inLanguage":"es-CO","@id":"https:\/\/iglesiatrinacristoes.org\/#\/schema\/logo\/image\/","url":"","contentUrl":"","caption":"Iglesia Trina &quot;Cristo Es&quot;"},"image":{"@id":"https:\/\/iglesiatrinacristoes.org\/#\/schema\/logo\/image\/"}}]}},"_links":{"self":[{"href":"https:\/\/iglesiatrinacristoes.org\/index.php\/wp-json\/wp\/v2\/product\/10561","targetHints":{"allow":["GET"]}}],"collection":[{"href":"https:\/\/iglesiatrinacristoes.org\/index.php\/wp-json\/wp\/v2\/product"}],"about":[{"href":"https:\/\/iglesiatrinacristoes.org\/index.php\/wp-json\/wp\/v2\/types\/product"}],"replies":[{"embeddable":true,"href":"https:\/\/iglesiatrinacristoes.org\/index.php\/wp-json\/wp\/v2\/comments?post=10561"}],"wp:featuredmedia":[{"embeddable":true,"href":"https:\/\/iglesiatrinacristoes.org\/index.php\/wp-json\/wp\/v2\/media\/10562"}],"wp:attachment":[{"href":"https:\/\/iglesiatrinacristoes.org\/index.php\/wp-json\/wp\/v2\/media?parent=10561"}],"wp:term":[{"taxonomy":"product_brand","embeddable":true,"href":"https:\/\/iglesiatrinacristoes.org\/index.php\/wp-json\/wp\/v2\/product_brand?post=10561"},{"taxonomy":"product_cat","embeddable":true,"href":"https:\/\/iglesiatrinacristoes.org\/index.php\/wp-json\/wp\/v2\/product_cat?post=10561"},{"taxonomy":"product_tag","embeddable":true,"href":"https:\/\/iglesiatrinacristoes.org\/index.php\/wp-json\/wp\/v2\/product_tag?post=10561"}],"curies":[{"name":"wp","href":"https:\/\/api.w.org\/{rel}","templated":true}]}}