{"id":10733,"date":"2026-04-03T21:29:19","date_gmt":"2026-04-04T02:29:19","guid":{"rendered":"https:\/\/iglesiatrinacristoes.org\/?post_type=product&#038;p=10733"},"modified":"2026-04-03T21:31:20","modified_gmt":"2026-04-04T02:31:20","slug":"biblia-de-estudio-diario-vivir-nueva-edicion","status":"publish","type":"product","link":"https:\/\/iglesiatrinacristoes.org\/index.php\/producto\/biblia-de-estudio-diario-vivir-nueva-edicion\/","title":{"rendered":"Biblia De Estudio Diario Vivir Nueva Edici\u00f3n"},"content":{"rendered":"<style type=\"text\/css\"><\/style><p>Editorial<\/p>\n<p>Dimensiones<br \/>\n24X17X5 cm<\/p>\n<p>Cubierta<br \/>\nTapa dura<\/p>\n<p>Idioma: Espa\u00f1ol<\/p>\n<p>&nbsp;<\/p>\n<p>Descripci\u00f3n<br \/>\nUsted est\u00e1 a punto de emprender un nuevo viaje hacia el conocimiento, la compresi\u00f3n y la aplicaci\u00f3n de la Palabra de Dios en su vida. La Biblia de estudio Diario vivir le provee una valiosa informaci\u00f3n acerca de los principales personajes b\u00edblicos y detalles hist\u00f3ricos, geogr\u00e1ficos y cronol\u00f3gicos para que obtenga una mejor comprensi\u00f3n del contexto en el que fue escrita la Biblia. Alrededor de 10000 notas y gu\u00edas le explican la Palabra de Dios y le ayudan a identificar c\u00f3mo aplicar sus ense\u00f1anzas a su vida diaria. Todo esto y m\u00e1s han hecho que la Biblia Diario vivir sea una de las Biblias de estudio de mayor venta en la actualidad.<\/p>\n<p>Caracter\u00edsticas:<br \/>\nIntroducciones a los libros<br \/>\nPerfiles biogr\u00e1ficos<br \/>\nBosquejos<br \/>\nMegatemas<br \/>\nCuadros y mapas<br \/>\nNotas y gu\u00edas<br \/>\ny mucho m\u00e1s<br \/>\nCategor\u00edas<br \/>\n2. Biblia de estudio Diario Vivir &#8211; RVR 1960<br \/>\nLa Biblia de estudio del diario vivir RVR 1960 se ha mantenido como una de las Biblias de estudio de mayor venta durante muchos a\u00f1os, y \u00a1ahora est\u00e1 mejor que nunca! Esta edici\u00f3n ha sido completamente revisada y actualizada y ofrece a\u00fan m\u00e1s contenido que la edici\u00f3n RVR 1960 anterior.<\/p>\n<p>El contenido nuevo incluye:<br \/>\nUn glosario integral al pie de p\u00e1gina, que provee sin\u00f3nimos para t\u00e9rminos menos comunes y tasas de conversi\u00f3n para los pesos y medidas b\u00edblicas; El tiempo entre el Antiguo y el Nuevo Testamento; Concordancia amplia de la RVR 1960; Recursos para el obrero cristiano; Mapas a todo color; Con casi 10.000 notas y cientos de mapas y cuadros, esta Biblia incorpora erudici\u00f3n actualizada para responder a las preguntas de la vida diaria. M\u00e1s de cien perfiles biogr\u00e1ficos resaltan los principales personajes b\u00edblicos, y cada libro va acompa\u00f1ado de una introducci\u00f3n, esquema, cronolog\u00eda y datos importantes para que todo lector obtenga una mejor comprensi\u00f3n del contexto en el que fue escrita la Biblia. Adem\u00e1s, la Biblia de estudio del diario vivir incluye una armon\u00eda de los Evangelios y referencias cruzadas.<\/p>\n","protected":false},"excerpt":{"rendered":"<p>La biblia de estudio # 1 en ventas<br \/>\n\u2022 Nueva edici\u00f3n \u00a1Totalmente revisada y actualizada, con un dise\u00f1o nuevo y m\u00e1s de 250 p\u00e1ginas de valioso contenido adicional!!<br \/>\nEmprenda un nuevo viaje el conocimiento, la comprensi\u00f3n y la aplicaci\u00f3n de la Palabra de Dios en su vida diaria.<br \/>\nAhora con mucho m\u00e1s contenido y nuevas caracter\u00edsticas especiales:<br \/>\n\u2022 Notas de aplicaci\u00f3n y estudio: alrededor de 10.000 notas ampliadas y actualizadas le ayudan a comprender las verdades eternas de la Biblia y a aplicarlas en su vida diaria.<br \/>\n\u2022 Cuadros: cadi 300 cuadros re\u00fanen informaci\u00f3n tem\u00e1tica en un formato claro y sencillo.<br \/>\n\u2022 Mapas: alrededor de 200 mapas le ayudaran a visualizarlas tierras de la Biblia y a trazar los viajes de sus personajes<br \/>\n\u2022 Perfiles biogr\u00e1ficos: presentan m\u00e1s de 100 personajes clave y destaca lecciones importantes para la vida actual.<br \/>\n\u2022 Introducci\u00f3n a cada libro: resalta el mensaje central y los datos esenciales del libro.<br \/>\n\u2022 Esquemas y megatemas: proporcionan un panorama general de cada libro, resaltan los temas principales, explican su significado y se\u00f1alan aplicaciones relevantes para el mundo actual.<br \/>\n\u2022 Cronolog\u00edas: ubican los sucesos y libros b\u00edblicos en su entorno hist\u00f3rico.<br \/>\n\u2022 Armon\u00eda de los Evangelios: una lista cronol\u00f3gica de 250 acontecimientos de la vida de Cristo que facilita encontrar los sucesos, las par\u00e1bolas y los milagros de Jes\u00fas, as\u00ed como tambi\u00e9n comparar los cuatro relatos.<br \/>\n\u2022 Recursos para el obrero cristiano: esta gu\u00eda le ayuda acompa\u00f1ar a un nuevo creyente y a explicar los fundamentos de la cristiana. Tambi\u00e9n provee un m\u00e9todo y modelo para la preparaci\u00f3n de sermones o de lecciones para un estudio b\u00edblico.<br \/>\n\u2022 Concordancia de la RVR60: le ayuda a localizar pasajes que contienen ciertas palabras o temas espec\u00edficos.<br \/>\n\u2022 Y m\u00e1s: referencias cruzadas, palabras de Cristo en rojo, \u00edndice de contenido, 16 mapas a todo color y una p\u00e1gina de presentaci\u00f3n.<\/p>\n","protected":false},"featured_media":10734,"comment_status":"open","ping_status":"closed","template":"","meta":{"om_disable_all_campaigns":false},"product_brand":[],"product_cat":[86],"product_tag":[],"class_list":{"0":"post-10733","1":"product","2":"type-product","3":"status-publish","4":"has-post-thumbnail","6":"product_cat-libreria","8":"first","9":"instock","10":"shipping-taxable","11":"purchasable","12":"product-type-simple"},"yoast_head":"<!-- This site is optimized with the Yoast SEO plugin v26.3 - https:\/\/yoast.com\/wordpress\/plugins\/seo\/ -->\n<title>Biblia De Estudio Diario Vivir Nueva Edici\u00f3n - Iglesia Trina &quot;Cristo Es&quot;<\/title>\n<meta name=\"robots\" content=\"index, follow, max-snippet:-1, max-image-preview:large, max-video-preview:-1\" \/>\n<link rel=\"canonical\" href=\"https:\/\/iglesiatrinacristoes.org\/index.php\/producto\/biblia-de-estudio-diario-vivir-nueva-edicion\/\" \/>\n<meta property=\"og:locale\" content=\"es_ES\" \/>\n<meta property=\"og:type\" content=\"article\" \/>\n<meta property=\"og:title\" content=\"Biblia De Estudio Diario Vivir Nueva Edici\u00f3n - Iglesia Trina &quot;Cristo Es&quot;\" \/>\n<meta property=\"og:description\" content=\"La biblia de estudio # 1 en ventas \u2022 Nueva edici\u00f3n \u00a1Totalmente revisada y actualizada, con un dise\u00f1o nuevo y m\u00e1s de 250 p\u00e1ginas de valioso contenido adicional!! Emprenda un nuevo viaje el conocimiento, la comprensi\u00f3n y la aplicaci\u00f3n de la Palabra de Dios en su vida diaria. Ahora con mucho m\u00e1s contenido y nuevas caracter\u00edsticas especiales: \u2022 Notas de aplicaci\u00f3n y estudio: alrededor de 10.000 notas ampliadas y actualizadas le ayudan a comprender las verdades eternas de la Biblia y a aplicarlas en su vida diaria. \u2022 Cuadros: cadi 300 cuadros re\u00fanen informaci\u00f3n tem\u00e1tica en un formato claro y sencillo. \u2022 Mapas: alrededor de 200 mapas le ayudaran a visualizarlas tierras de la Biblia y a trazar los viajes de sus personajes \u2022 Perfiles biogr\u00e1ficos: presentan m\u00e1s de 100 personajes clave y destaca lecciones importantes para la vida actual. \u2022 Introducci\u00f3n a cada libro: resalta el mensaje central y los datos esenciales del libro. \u2022 Esquemas y megatemas: proporcionan un panorama general de cada libro, resaltan los temas principales, explican su significado y se\u00f1alan aplicaciones relevantes para el mundo actual. \u2022 Cronolog\u00edas: ubican los sucesos y libros b\u00edblicos en su entorno hist\u00f3rico. \u2022 Armon\u00eda de los Evangelios: una lista cronol\u00f3gica de 250 acontecimientos de la vida de Cristo que facilita encontrar los sucesos, las par\u00e1bolas y los milagros de Jes\u00fas, as\u00ed como tambi\u00e9n comparar los cuatro relatos. \u2022 Recursos para el obrero cristiano: esta gu\u00eda le ayuda acompa\u00f1ar a un nuevo creyente y a explicar los fundamentos de la cristiana. Tambi\u00e9n provee un m\u00e9todo y modelo para la preparaci\u00f3n de sermones o de lecciones para un estudio b\u00edblico. \u2022 Concordancia de la RVR60: le ayuda a localizar pasajes que contienen ciertas palabras o temas espec\u00edficos. \u2022 Y m\u00e1s: referencias cruzadas, palabras de Cristo en rojo, \u00edndice de contenido, 16 mapas a todo color y una p\u00e1gina de presentaci\u00f3n.\" \/>\n<meta property=\"og:url\" content=\"https:\/\/iglesiatrinacristoes.org\/index.php\/producto\/biblia-de-estudio-diario-vivir-nueva-edicion\/\" \/>\n<meta property=\"og:site_name\" content=\"Iglesia Trina &quot;Cristo Es&quot;\" \/>\n<meta property=\"article:modified_time\" content=\"2026-04-04T02:31:20+00:00\" \/>\n<meta property=\"og:image\" content=\"http:\/\/iglesiatrinacristoes.org\/wp-content\/uploads\/2026\/04\/Biblia-De-Estudio-Diario-Vivir-Nueva-Edicion.png\" \/>\n\t<meta property=\"og:image:width\" content=\"381\" \/>\n\t<meta property=\"og:image:height\" content=\"580\" \/>\n\t<meta property=\"og:image:type\" content=\"image\/png\" \/>\n<meta name=\"twitter:card\" content=\"summary_large_image\" \/>\n<meta name=\"twitter:label1\" content=\"Tiempo de lectura\" \/>\n\t<meta name=\"twitter:data1\" content=\"2 minutos\" \/>\n<script type=\"application\/ld+json\" class=\"yoast-schema-graph\">{\"@context\":\"https:\/\/schema.org\",\"@graph\":[{\"@type\":\"WebPage\",\"@id\":\"https:\/\/iglesiatrinacristoes.org\/index.php\/producto\/biblia-de-estudio-diario-vivir-nueva-edicion\/\",\"url\":\"https:\/\/iglesiatrinacristoes.org\/index.php\/producto\/biblia-de-estudio-diario-vivir-nueva-edicion\/\",\"name\":\"Biblia De Estudio Diario Vivir Nueva Edici\u00f3n - Iglesia Trina &quot;Cristo Es&quot;\",\"isPartOf\":{\"@id\":\"https:\/\/iglesiatrinacristoes.org\/#website\"},\"primaryImageOfPage\":{\"@id\":\"https:\/\/iglesiatrinacristoes.org\/index.php\/producto\/biblia-de-estudio-diario-vivir-nueva-edicion\/#primaryimage\"},\"image\":{\"@id\":\"https:\/\/iglesiatrinacristoes.org\/index.php\/producto\/biblia-de-estudio-diario-vivir-nueva-edicion\/#primaryimage\"},\"thumbnailUrl\":\"https:\/\/iglesiatrinacristoes.org\/wp-content\/uploads\/2026\/04\/Biblia-De-Estudio-Diario-Vivir-Nueva-Edicion.png\",\"datePublished\":\"2026-04-04T02:29:19+00:00\",\"dateModified\":\"2026-04-04T02:31:20+00:00\",\"breadcrumb\":{\"@id\":\"https:\/\/iglesiatrinacristoes.org\/index.php\/producto\/biblia-de-estudio-diario-vivir-nueva-edicion\/#breadcrumb\"},\"inLanguage\":\"es-CO\",\"potentialAction\":[{\"@type\":\"ReadAction\",\"target\":[\"https:\/\/iglesiatrinacristoes.org\/index.php\/producto\/biblia-de-estudio-diario-vivir-nueva-edicion\/\"]}]},{\"@type\":\"ImageObject\",\"inLanguage\":\"es-CO\",\"@id\":\"https:\/\/iglesiatrinacristoes.org\/index.php\/producto\/biblia-de-estudio-diario-vivir-nueva-edicion\/#primaryimage\",\"url\":\"https:\/\/iglesiatrinacristoes.org\/wp-content\/uploads\/2026\/04\/Biblia-De-Estudio-Diario-Vivir-Nueva-Edicion.png\",\"contentUrl\":\"https:\/\/iglesiatrinacristoes.org\/wp-content\/uploads\/2026\/04\/Biblia-De-Estudio-Diario-Vivir-Nueva-Edicion.png\",\"width\":381,\"height\":580},{\"@type\":\"BreadcrumbList\",\"@id\":\"https:\/\/iglesiatrinacristoes.org\/index.php\/producto\/biblia-de-estudio-diario-vivir-nueva-edicion\/#breadcrumb\",\"itemListElement\":[{\"@type\":\"ListItem\",\"position\":1,\"name\":\"Inicio\",\"item\":\"https:\/\/iglesiatrinacristoes.org\/\"},{\"@type\":\"ListItem\",\"position\":2,\"name\":\"Tienda\",\"item\":\"https:\/\/iglesiatrinacristoes.org\/index.php\/tienda\/\"},{\"@type\":\"ListItem\",\"position\":3,\"name\":\"Biblia De Estudio Diario Vivir Nueva Edici\u00f3n\"}]},{\"@type\":\"WebSite\",\"@id\":\"https:\/\/iglesiatrinacristoes.org\/#website\",\"url\":\"https:\/\/iglesiatrinacristoes.org\/\",\"name\":\"Iglesia Trina &quot;Cristo Es&quot;\",\"description\":\"Iglesia Trina &quot;Cristo Es&quot;\",\"publisher\":{\"@id\":\"https:\/\/iglesiatrinacristoes.org\/#organization\"},\"potentialAction\":[{\"@type\":\"SearchAction\",\"target\":{\"@type\":\"EntryPoint\",\"urlTemplate\":\"https:\/\/iglesiatrinacristoes.org\/?s={search_term_string}\"},\"query-input\":{\"@type\":\"PropertyValueSpecification\",\"valueRequired\":true,\"valueName\":\"search_term_string\"}}],\"inLanguage\":\"es-CO\"},{\"@type\":\"Organization\",\"@id\":\"https:\/\/iglesiatrinacristoes.org\/#organization\",\"name\":\"Iglesia Trina &quot;Cristo Es&quot;\",\"url\":\"https:\/\/iglesiatrinacristoes.org\/\",\"logo\":{\"@type\":\"ImageObject\",\"inLanguage\":\"es-CO\",\"@id\":\"https:\/\/iglesiatrinacristoes.org\/#\/schema\/logo\/image\/\",\"url\":\"\",\"contentUrl\":\"\",\"caption\":\"Iglesia Trina &quot;Cristo Es&quot;\"},\"image\":{\"@id\":\"https:\/\/iglesiatrinacristoes.org\/#\/schema\/logo\/image\/\"}}]}<\/script>\n<!-- \/ Yoast SEO plugin. -->","yoast_head_json":{"title":"Biblia De Estudio Diario Vivir Nueva Edici\u00f3n - Iglesia Trina &quot;Cristo Es&quot;","robots":{"index":"index","follow":"follow","max-snippet":"max-snippet:-1","max-image-preview":"max-image-preview:large","max-video-preview":"max-video-preview:-1"},"canonical":"https:\/\/iglesiatrinacristoes.org\/index.php\/producto\/biblia-de-estudio-diario-vivir-nueva-edicion\/","og_locale":"es_ES","og_type":"article","og_title":"Biblia De Estudio Diario Vivir Nueva Edici\u00f3n - Iglesia Trina &quot;Cristo Es&quot;","og_description":"La biblia de estudio # 1 en ventas \u2022 Nueva edici\u00f3n \u00a1Totalmente revisada y actualizada, con un dise\u00f1o nuevo y m\u00e1s de 250 p\u00e1ginas de valioso contenido adicional!! Emprenda un nuevo viaje el conocimiento, la comprensi\u00f3n y la aplicaci\u00f3n de la Palabra de Dios en su vida diaria. Ahora con mucho m\u00e1s contenido y nuevas caracter\u00edsticas especiales: \u2022 Notas de aplicaci\u00f3n y estudio: alrededor de 10.000 notas ampliadas y actualizadas le ayudan a comprender las verdades eternas de la Biblia y a aplicarlas en su vida diaria. \u2022 Cuadros: cadi 300 cuadros re\u00fanen informaci\u00f3n tem\u00e1tica en un formato claro y sencillo. \u2022 Mapas: alrededor de 200 mapas le ayudaran a visualizarlas tierras de la Biblia y a trazar los viajes de sus personajes \u2022 Perfiles biogr\u00e1ficos: presentan m\u00e1s de 100 personajes clave y destaca lecciones importantes para la vida actual. \u2022 Introducci\u00f3n a cada libro: resalta el mensaje central y los datos esenciales del libro. \u2022 Esquemas y megatemas: proporcionan un panorama general de cada libro, resaltan los temas principales, explican su significado y se\u00f1alan aplicaciones relevantes para el mundo actual. \u2022 Cronolog\u00edas: ubican los sucesos y libros b\u00edblicos en su entorno hist\u00f3rico. \u2022 Armon\u00eda de los Evangelios: una lista cronol\u00f3gica de 250 acontecimientos de la vida de Cristo que facilita encontrar los sucesos, las par\u00e1bolas y los milagros de Jes\u00fas, as\u00ed como tambi\u00e9n comparar los cuatro relatos. \u2022 Recursos para el obrero cristiano: esta gu\u00eda le ayuda acompa\u00f1ar a un nuevo creyente y a explicar los fundamentos de la cristiana. Tambi\u00e9n provee un m\u00e9todo y modelo para la preparaci\u00f3n de sermones o de lecciones para un estudio b\u00edblico. \u2022 Concordancia de la RVR60: le ayuda a localizar pasajes que contienen ciertas palabras o temas espec\u00edficos. \u2022 Y m\u00e1s: referencias cruzadas, palabras de Cristo en rojo, \u00edndice de contenido, 16 mapas a todo color y una p\u00e1gina de presentaci\u00f3n.","og_url":"https:\/\/iglesiatrinacristoes.org\/index.php\/producto\/biblia-de-estudio-diario-vivir-nueva-edicion\/","og_site_name":"Iglesia Trina &quot;Cristo Es&quot;","article_modified_time":"2026-04-04T02:31:20+00:00","og_image":[{"width":381,"height":580,"url":"http:\/\/iglesiatrinacristoes.org\/wp-content\/uploads\/2026\/04\/Biblia-De-Estudio-Diario-Vivir-Nueva-Edicion.png","type":"image\/png"}],"twitter_card":"summary_large_image","twitter_misc":{"Tiempo de lectura":"2 minutos"},"schema":{"@context":"https:\/\/schema.org","@graph":[{"@type":"WebPage","@id":"https:\/\/iglesiatrinacristoes.org\/index.php\/producto\/biblia-de-estudio-diario-vivir-nueva-edicion\/","url":"https:\/\/iglesiatrinacristoes.org\/index.php\/producto\/biblia-de-estudio-diario-vivir-nueva-edicion\/","name":"Biblia De Estudio Diario Vivir Nueva Edici\u00f3n - Iglesia Trina &quot;Cristo Es&quot;","isPartOf":{"@id":"https:\/\/iglesiatrinacristoes.org\/#website"},"primaryImageOfPage":{"@id":"https:\/\/iglesiatrinacristoes.org\/index.php\/producto\/biblia-de-estudio-diario-vivir-nueva-edicion\/#primaryimage"},"image":{"@id":"https:\/\/iglesiatrinacristoes.org\/index.php\/producto\/biblia-de-estudio-diario-vivir-nueva-edicion\/#primaryimage"},"thumbnailUrl":"https:\/\/iglesiatrinacristoes.org\/wp-content\/uploads\/2026\/04\/Biblia-De-Estudio-Diario-Vivir-Nueva-Edicion.png","datePublished":"2026-04-04T02:29:19+00:00","dateModified":"2026-04-04T02:31:20+00:00","breadcrumb":{"@id":"https:\/\/iglesiatrinacristoes.org\/index.php\/producto\/biblia-de-estudio-diario-vivir-nueva-edicion\/#breadcrumb"},"inLanguage":"es-CO","potentialAction":[{"@type":"ReadAction","target":["https:\/\/iglesiatrinacristoes.org\/index.php\/producto\/biblia-de-estudio-diario-vivir-nueva-edicion\/"]}]},{"@type":"ImageObject","inLanguage":"es-CO","@id":"https:\/\/iglesiatrinacristoes.org\/index.php\/producto\/biblia-de-estudio-diario-vivir-nueva-edicion\/#primaryimage","url":"https:\/\/iglesiatrinacristoes.org\/wp-content\/uploads\/2026\/04\/Biblia-De-Estudio-Diario-Vivir-Nueva-Edicion.png","contentUrl":"https:\/\/iglesiatrinacristoes.org\/wp-content\/uploads\/2026\/04\/Biblia-De-Estudio-Diario-Vivir-Nueva-Edicion.png","width":381,"height":580},{"@type":"BreadcrumbList","@id":"https:\/\/iglesiatrinacristoes.org\/index.php\/producto\/biblia-de-estudio-diario-vivir-nueva-edicion\/#breadcrumb","itemListElement":[{"@type":"ListItem","position":1,"name":"Inicio","item":"https:\/\/iglesiatrinacristoes.org\/"},{"@type":"ListItem","position":2,"name":"Tienda","item":"https:\/\/iglesiatrinacristoes.org\/index.php\/tienda\/"},{"@type":"ListItem","position":3,"name":"Biblia De Estudio Diario Vivir Nueva Edici\u00f3n"}]},{"@type":"WebSite","@id":"https:\/\/iglesiatrinacristoes.org\/#website","url":"https:\/\/iglesiatrinacristoes.org\/","name":"Iglesia Trina &quot;Cristo Es&quot;","description":"Iglesia Trina &quot;Cristo Es&quot;","publisher":{"@id":"https:\/\/iglesiatrinacristoes.org\/#organization"},"potentialAction":[{"@type":"SearchAction","target":{"@type":"EntryPoint","urlTemplate":"https:\/\/iglesiatrinacristoes.org\/?s={search_term_string}"},"query-input":{"@type":"PropertyValueSpecification","valueRequired":true,"valueName":"search_term_string"}}],"inLanguage":"es-CO"},{"@type":"Organization","@id":"https:\/\/iglesiatrinacristoes.org\/#organization","name":"Iglesia Trina &quot;Cristo Es&quot;","url":"https:\/\/iglesiatrinacristoes.org\/","logo":{"@type":"ImageObject","inLanguage":"es-CO","@id":"https:\/\/iglesiatrinacristoes.org\/#\/schema\/logo\/image\/","url":"","contentUrl":"","caption":"Iglesia Trina &quot;Cristo Es&quot;"},"image":{"@id":"https:\/\/iglesiatrinacristoes.org\/#\/schema\/logo\/image\/"}}]}},"_links":{"self":[{"href":"https:\/\/iglesiatrinacristoes.org\/index.php\/wp-json\/wp\/v2\/product\/10733","targetHints":{"allow":["GET"]}}],"collection":[{"href":"https:\/\/iglesiatrinacristoes.org\/index.php\/wp-json\/wp\/v2\/product"}],"about":[{"href":"https:\/\/iglesiatrinacristoes.org\/index.php\/wp-json\/wp\/v2\/types\/product"}],"replies":[{"embeddable":true,"href":"https:\/\/iglesiatrinacristoes.org\/index.php\/wp-json\/wp\/v2\/comments?post=10733"}],"wp:featuredmedia":[{"embeddable":true,"href":"https:\/\/iglesiatrinacristoes.org\/index.php\/wp-json\/wp\/v2\/media\/10734"}],"wp:attachment":[{"href":"https:\/\/iglesiatrinacristoes.org\/index.php\/wp-json\/wp\/v2\/media?parent=10733"}],"wp:term":[{"taxonomy":"product_brand","embeddable":true,"href":"https:\/\/iglesiatrinacristoes.org\/index.php\/wp-json\/wp\/v2\/product_brand?post=10733"},{"taxonomy":"product_cat","embeddable":true,"href":"https:\/\/iglesiatrinacristoes.org\/index.php\/wp-json\/wp\/v2\/product_cat?post=10733"},{"taxonomy":"product_tag","embeddable":true,"href":"https:\/\/iglesiatrinacristoes.org\/index.php\/wp-json\/wp\/v2\/product_tag?post=10733"}],"curies":[{"name":"wp","href":"https:\/\/api.w.org\/{rel}","templated":true}]}}