{"id":10741,"date":"2026-04-03T21:47:28","date_gmt":"2026-04-04T02:47:28","guid":{"rendered":"https:\/\/iglesiatrinacristoes.org\/?post_type=product&#038;p=10741"},"modified":"2026-04-03T21:52:04","modified_gmt":"2026-04-04T02:52:04","slug":"compendio-manual-biblico-rvr","status":"publish","type":"product","link":"https:\/\/iglesiatrinacristoes.org\/index.php\/producto\/compendio-manual-biblico-rvr\/","title":{"rendered":"Compendio Manual Biblico (RVR)"},"content":{"rendered":"<style type=\"text\/css\"><\/style><p>Editorial: Vida<br \/>\nDimensiones: 19X13X5 cm<br \/>\nCubierta: Tapa dura<br \/>\nIdioma: Espa\u00f1ol<\/p>\n<p>&nbsp;<\/p>\n<p>Descripci\u00f3n<br \/>\nEste manual b\u00edblico conocido mundialmente est\u00e1 revisado y actualizado para proporcionar m\u00e1s claridad, visi\u00f3n y utilidad. \u00a1Con el texto de la RVR60! \u00bfNecesita ayuda para entender la Biblia? El Compendio Manual de la Biblia, con la RVR60, le trasmite el mensaje y le hace m\u00e1s accesible el conocimiento b\u00edblico. Podr\u00e1 comprender y afianzarse mucho m\u00e1s en la Palabra de Dios con este manual b\u00edblico. Apreciar\u00e1 mejor las culturas, religiones y la geograf\u00eda en que se desarrollaron las historias de la Biblia. Ver\u00e1 c\u00f3mo pudieron entrelazarse sus diferentes temas de manera notable. Asimismo, podr\u00e1 ver el coraz\u00f3n de Dios y la persona de Jesucristo revelados desde G\u00e9nesis hasta Apocalipsis. El Compendio Manual de la Biblia RV60 mantiene el estilo muy personal de su autor, el Dr. Halley, y ofrece mapas, fotograf\u00edas, dise\u00f1o contempor\u00e1neo y lectura pr\u00e1ctica.<\/p>\n","protected":false},"excerpt":{"rendered":"<p>\u00a1Usted puede entender la Biblia!<br \/>\n\u2022 Claro * Simple * F\u00e1cil de leer<br \/>\nEste manual b\u00edblico conocido mundialmente est\u00e1 revisado y actualizado para proporcionar m\u00e1s claridad, visi\u00f3n y utilidad.<br \/>\n\u00bfNecesita ayuda para entender la Biblia?<br \/>\nEl Compendio Manual de la Biblia, con la RVR 60, le trasmite el mensaje y le hace m\u00e1s accesible el conocimiento b\u00edblico. Si no ha le\u00eddo nunca la biblia, o si la ha le\u00eddo muchas veces, podr\u00e1 comprender y afianzarse mucho m\u00e1s en la palabra de Dios con este manual b\u00edblico.<br \/>\nApreciar\u00e1 mejor las culturas, religiones y la geograf\u00eda en que se desarrollaron las historias de la Biblia. Ver\u00e1n c\u00f3mo pudieron entrelazarse sus diferentes temas de manera notable. Asimismo, podr\u00e1 ver el coraz\u00f3n de Dios y la persona de Jesucristo revelados desde G\u00e9nesis hasta Apocalipsis.<br \/>\nEl Compendio Manual de la Biblia RVR-60 mantiene el estilo muy personal de su autor, el Dr. Helley, y ofrece mapas, fotograf\u00edas, dise\u00f1o contempor\u00e1neo y lectura pr\u00e1ctica.<\/p>\n","protected":false},"featured_media":10742,"comment_status":"open","ping_status":"closed","template":"","meta":{"om_disable_all_campaigns":false},"product_brand":[],"product_cat":[86],"product_tag":[],"class_list":{"0":"post-10741","1":"product","2":"type-product","3":"status-publish","4":"has-post-thumbnail","6":"product_cat-libreria","8":"first","9":"instock","10":"shipping-taxable","11":"purchasable","12":"product-type-simple"},"yoast_head":"<!-- This site is optimized with the Yoast SEO plugin v26.3 - https:\/\/yoast.com\/wordpress\/plugins\/seo\/ -->\n<title>Compendio Manual Biblico (RVR) - Iglesia Trina &quot;Cristo Es&quot;<\/title>\n<meta name=\"robots\" content=\"index, follow, max-snippet:-1, max-image-preview:large, max-video-preview:-1\" \/>\n<link rel=\"canonical\" href=\"https:\/\/iglesiatrinacristoes.org\/index.php\/producto\/compendio-manual-biblico-rvr\/\" \/>\n<meta property=\"og:locale\" content=\"es_ES\" \/>\n<meta property=\"og:type\" content=\"article\" \/>\n<meta property=\"og:title\" content=\"Compendio Manual Biblico (RVR) - Iglesia Trina &quot;Cristo Es&quot;\" \/>\n<meta property=\"og:description\" content=\"\u00a1Usted puede entender la Biblia! \u2022 Claro * Simple * F\u00e1cil de leer Este manual b\u00edblico conocido mundialmente est\u00e1 revisado y actualizado para proporcionar m\u00e1s claridad, visi\u00f3n y utilidad. \u00bfNecesita ayuda para entender la Biblia? El Compendio Manual de la Biblia, con la RVR 60, le trasmite el mensaje y le hace m\u00e1s accesible el conocimiento b\u00edblico. Si no ha le\u00eddo nunca la biblia, o si la ha le\u00eddo muchas veces, podr\u00e1 comprender y afianzarse mucho m\u00e1s en la palabra de Dios con este manual b\u00edblico. Apreciar\u00e1 mejor las culturas, religiones y la geograf\u00eda en que se desarrollaron las historias de la Biblia. Ver\u00e1n c\u00f3mo pudieron entrelazarse sus diferentes temas de manera notable. Asimismo, podr\u00e1 ver el coraz\u00f3n de Dios y la persona de Jesucristo revelados desde G\u00e9nesis hasta Apocalipsis. El Compendio Manual de la Biblia RVR-60 mantiene el estilo muy personal de su autor, el Dr. Helley, y ofrece mapas, fotograf\u00edas, dise\u00f1o contempor\u00e1neo y lectura pr\u00e1ctica.\" \/>\n<meta property=\"og:url\" content=\"https:\/\/iglesiatrinacristoes.org\/index.php\/producto\/compendio-manual-biblico-rvr\/\" \/>\n<meta property=\"og:site_name\" content=\"Iglesia Trina &quot;Cristo Es&quot;\" \/>\n<meta property=\"article:modified_time\" content=\"2026-04-04T02:52:04+00:00\" \/>\n<meta property=\"og:image\" content=\"http:\/\/iglesiatrinacristoes.org\/wp-content\/uploads\/2026\/04\/Compendio-Manual-Biblico-RVR.png\" \/>\n\t<meta property=\"og:image:width\" content=\"381\" \/>\n\t<meta property=\"og:image:height\" content=\"580\" \/>\n\t<meta property=\"og:image:type\" content=\"image\/png\" \/>\n<meta name=\"twitter:card\" content=\"summary_large_image\" \/>\n<meta name=\"twitter:label1\" content=\"Tiempo de lectura\" \/>\n\t<meta name=\"twitter:data1\" content=\"1 minuto\" \/>\n<script type=\"application\/ld+json\" class=\"yoast-schema-graph\">{\"@context\":\"https:\/\/schema.org\",\"@graph\":[{\"@type\":\"WebPage\",\"@id\":\"https:\/\/iglesiatrinacristoes.org\/index.php\/producto\/compendio-manual-biblico-rvr\/\",\"url\":\"https:\/\/iglesiatrinacristoes.org\/index.php\/producto\/compendio-manual-biblico-rvr\/\",\"name\":\"Compendio Manual Biblico (RVR) - Iglesia Trina &quot;Cristo Es&quot;\",\"isPartOf\":{\"@id\":\"https:\/\/iglesiatrinacristoes.org\/#website\"},\"primaryImageOfPage\":{\"@id\":\"https:\/\/iglesiatrinacristoes.org\/index.php\/producto\/compendio-manual-biblico-rvr\/#primaryimage\"},\"image\":{\"@id\":\"https:\/\/iglesiatrinacristoes.org\/index.php\/producto\/compendio-manual-biblico-rvr\/#primaryimage\"},\"thumbnailUrl\":\"https:\/\/iglesiatrinacristoes.org\/wp-content\/uploads\/2026\/04\/Compendio-Manual-Biblico-RVR.png\",\"datePublished\":\"2026-04-04T02:47:28+00:00\",\"dateModified\":\"2026-04-04T02:52:04+00:00\",\"breadcrumb\":{\"@id\":\"https:\/\/iglesiatrinacristoes.org\/index.php\/producto\/compendio-manual-biblico-rvr\/#breadcrumb\"},\"inLanguage\":\"es-CO\",\"potentialAction\":[{\"@type\":\"ReadAction\",\"target\":[\"https:\/\/iglesiatrinacristoes.org\/index.php\/producto\/compendio-manual-biblico-rvr\/\"]}]},{\"@type\":\"ImageObject\",\"inLanguage\":\"es-CO\",\"@id\":\"https:\/\/iglesiatrinacristoes.org\/index.php\/producto\/compendio-manual-biblico-rvr\/#primaryimage\",\"url\":\"https:\/\/iglesiatrinacristoes.org\/wp-content\/uploads\/2026\/04\/Compendio-Manual-Biblico-RVR.png\",\"contentUrl\":\"https:\/\/iglesiatrinacristoes.org\/wp-content\/uploads\/2026\/04\/Compendio-Manual-Biblico-RVR.png\",\"width\":381,\"height\":580},{\"@type\":\"BreadcrumbList\",\"@id\":\"https:\/\/iglesiatrinacristoes.org\/index.php\/producto\/compendio-manual-biblico-rvr\/#breadcrumb\",\"itemListElement\":[{\"@type\":\"ListItem\",\"position\":1,\"name\":\"Inicio\",\"item\":\"https:\/\/iglesiatrinacristoes.org\/\"},{\"@type\":\"ListItem\",\"position\":2,\"name\":\"Tienda\",\"item\":\"https:\/\/iglesiatrinacristoes.org\/index.php\/tienda\/\"},{\"@type\":\"ListItem\",\"position\":3,\"name\":\"Compendio Manual Biblico (RVR)\"}]},{\"@type\":\"WebSite\",\"@id\":\"https:\/\/iglesiatrinacristoes.org\/#website\",\"url\":\"https:\/\/iglesiatrinacristoes.org\/\",\"name\":\"Iglesia Trina &quot;Cristo Es&quot;\",\"description\":\"Iglesia Trina &quot;Cristo Es&quot;\",\"publisher\":{\"@id\":\"https:\/\/iglesiatrinacristoes.org\/#organization\"},\"potentialAction\":[{\"@type\":\"SearchAction\",\"target\":{\"@type\":\"EntryPoint\",\"urlTemplate\":\"https:\/\/iglesiatrinacristoes.org\/?s={search_term_string}\"},\"query-input\":{\"@type\":\"PropertyValueSpecification\",\"valueRequired\":true,\"valueName\":\"search_term_string\"}}],\"inLanguage\":\"es-CO\"},{\"@type\":\"Organization\",\"@id\":\"https:\/\/iglesiatrinacristoes.org\/#organization\",\"name\":\"Iglesia Trina &quot;Cristo Es&quot;\",\"url\":\"https:\/\/iglesiatrinacristoes.org\/\",\"logo\":{\"@type\":\"ImageObject\",\"inLanguage\":\"es-CO\",\"@id\":\"https:\/\/iglesiatrinacristoes.org\/#\/schema\/logo\/image\/\",\"url\":\"\",\"contentUrl\":\"\",\"caption\":\"Iglesia Trina &quot;Cristo Es&quot;\"},\"image\":{\"@id\":\"https:\/\/iglesiatrinacristoes.org\/#\/schema\/logo\/image\/\"}}]}<\/script>\n<!-- \/ Yoast SEO plugin. -->","yoast_head_json":{"title":"Compendio Manual Biblico (RVR) - Iglesia Trina &quot;Cristo Es&quot;","robots":{"index":"index","follow":"follow","max-snippet":"max-snippet:-1","max-image-preview":"max-image-preview:large","max-video-preview":"max-video-preview:-1"},"canonical":"https:\/\/iglesiatrinacristoes.org\/index.php\/producto\/compendio-manual-biblico-rvr\/","og_locale":"es_ES","og_type":"article","og_title":"Compendio Manual Biblico (RVR) - Iglesia Trina &quot;Cristo Es&quot;","og_description":"\u00a1Usted puede entender la Biblia! \u2022 Claro * Simple * F\u00e1cil de leer Este manual b\u00edblico conocido mundialmente est\u00e1 revisado y actualizado para proporcionar m\u00e1s claridad, visi\u00f3n y utilidad. \u00bfNecesita ayuda para entender la Biblia? El Compendio Manual de la Biblia, con la RVR 60, le trasmite el mensaje y le hace m\u00e1s accesible el conocimiento b\u00edblico. Si no ha le\u00eddo nunca la biblia, o si la ha le\u00eddo muchas veces, podr\u00e1 comprender y afianzarse mucho m\u00e1s en la palabra de Dios con este manual b\u00edblico. Apreciar\u00e1 mejor las culturas, religiones y la geograf\u00eda en que se desarrollaron las historias de la Biblia. Ver\u00e1n c\u00f3mo pudieron entrelazarse sus diferentes temas de manera notable. Asimismo, podr\u00e1 ver el coraz\u00f3n de Dios y la persona de Jesucristo revelados desde G\u00e9nesis hasta Apocalipsis. El Compendio Manual de la Biblia RVR-60 mantiene el estilo muy personal de su autor, el Dr. Helley, y ofrece mapas, fotograf\u00edas, dise\u00f1o contempor\u00e1neo y lectura pr\u00e1ctica.","og_url":"https:\/\/iglesiatrinacristoes.org\/index.php\/producto\/compendio-manual-biblico-rvr\/","og_site_name":"Iglesia Trina &quot;Cristo Es&quot;","article_modified_time":"2026-04-04T02:52:04+00:00","og_image":[{"width":381,"height":580,"url":"http:\/\/iglesiatrinacristoes.org\/wp-content\/uploads\/2026\/04\/Compendio-Manual-Biblico-RVR.png","type":"image\/png"}],"twitter_card":"summary_large_image","twitter_misc":{"Tiempo de lectura":"1 minuto"},"schema":{"@context":"https:\/\/schema.org","@graph":[{"@type":"WebPage","@id":"https:\/\/iglesiatrinacristoes.org\/index.php\/producto\/compendio-manual-biblico-rvr\/","url":"https:\/\/iglesiatrinacristoes.org\/index.php\/producto\/compendio-manual-biblico-rvr\/","name":"Compendio Manual Biblico (RVR) - Iglesia Trina &quot;Cristo Es&quot;","isPartOf":{"@id":"https:\/\/iglesiatrinacristoes.org\/#website"},"primaryImageOfPage":{"@id":"https:\/\/iglesiatrinacristoes.org\/index.php\/producto\/compendio-manual-biblico-rvr\/#primaryimage"},"image":{"@id":"https:\/\/iglesiatrinacristoes.org\/index.php\/producto\/compendio-manual-biblico-rvr\/#primaryimage"},"thumbnailUrl":"https:\/\/iglesiatrinacristoes.org\/wp-content\/uploads\/2026\/04\/Compendio-Manual-Biblico-RVR.png","datePublished":"2026-04-04T02:47:28+00:00","dateModified":"2026-04-04T02:52:04+00:00","breadcrumb":{"@id":"https:\/\/iglesiatrinacristoes.org\/index.php\/producto\/compendio-manual-biblico-rvr\/#breadcrumb"},"inLanguage":"es-CO","potentialAction":[{"@type":"ReadAction","target":["https:\/\/iglesiatrinacristoes.org\/index.php\/producto\/compendio-manual-biblico-rvr\/"]}]},{"@type":"ImageObject","inLanguage":"es-CO","@id":"https:\/\/iglesiatrinacristoes.org\/index.php\/producto\/compendio-manual-biblico-rvr\/#primaryimage","url":"https:\/\/iglesiatrinacristoes.org\/wp-content\/uploads\/2026\/04\/Compendio-Manual-Biblico-RVR.png","contentUrl":"https:\/\/iglesiatrinacristoes.org\/wp-content\/uploads\/2026\/04\/Compendio-Manual-Biblico-RVR.png","width":381,"height":580},{"@type":"BreadcrumbList","@id":"https:\/\/iglesiatrinacristoes.org\/index.php\/producto\/compendio-manual-biblico-rvr\/#breadcrumb","itemListElement":[{"@type":"ListItem","position":1,"name":"Inicio","item":"https:\/\/iglesiatrinacristoes.org\/"},{"@type":"ListItem","position":2,"name":"Tienda","item":"https:\/\/iglesiatrinacristoes.org\/index.php\/tienda\/"},{"@type":"ListItem","position":3,"name":"Compendio Manual Biblico (RVR)"}]},{"@type":"WebSite","@id":"https:\/\/iglesiatrinacristoes.org\/#website","url":"https:\/\/iglesiatrinacristoes.org\/","name":"Iglesia Trina &quot;Cristo Es&quot;","description":"Iglesia Trina &quot;Cristo Es&quot;","publisher":{"@id":"https:\/\/iglesiatrinacristoes.org\/#organization"},"potentialAction":[{"@type":"SearchAction","target":{"@type":"EntryPoint","urlTemplate":"https:\/\/iglesiatrinacristoes.org\/?s={search_term_string}"},"query-input":{"@type":"PropertyValueSpecification","valueRequired":true,"valueName":"search_term_string"}}],"inLanguage":"es-CO"},{"@type":"Organization","@id":"https:\/\/iglesiatrinacristoes.org\/#organization","name":"Iglesia Trina &quot;Cristo Es&quot;","url":"https:\/\/iglesiatrinacristoes.org\/","logo":{"@type":"ImageObject","inLanguage":"es-CO","@id":"https:\/\/iglesiatrinacristoes.org\/#\/schema\/logo\/image\/","url":"","contentUrl":"","caption":"Iglesia Trina &quot;Cristo Es&quot;"},"image":{"@id":"https:\/\/iglesiatrinacristoes.org\/#\/schema\/logo\/image\/"}}]}},"_links":{"self":[{"href":"https:\/\/iglesiatrinacristoes.org\/index.php\/wp-json\/wp\/v2\/product\/10741","targetHints":{"allow":["GET"]}}],"collection":[{"href":"https:\/\/iglesiatrinacristoes.org\/index.php\/wp-json\/wp\/v2\/product"}],"about":[{"href":"https:\/\/iglesiatrinacristoes.org\/index.php\/wp-json\/wp\/v2\/types\/product"}],"replies":[{"embeddable":true,"href":"https:\/\/iglesiatrinacristoes.org\/index.php\/wp-json\/wp\/v2\/comments?post=10741"}],"wp:featuredmedia":[{"embeddable":true,"href":"https:\/\/iglesiatrinacristoes.org\/index.php\/wp-json\/wp\/v2\/media\/10742"}],"wp:attachment":[{"href":"https:\/\/iglesiatrinacristoes.org\/index.php\/wp-json\/wp\/v2\/media?parent=10741"}],"wp:term":[{"taxonomy":"product_brand","embeddable":true,"href":"https:\/\/iglesiatrinacristoes.org\/index.php\/wp-json\/wp\/v2\/product_brand?post=10741"},{"taxonomy":"product_cat","embeddable":true,"href":"https:\/\/iglesiatrinacristoes.org\/index.php\/wp-json\/wp\/v2\/product_cat?post=10741"},{"taxonomy":"product_tag","embeddable":true,"href":"https:\/\/iglesiatrinacristoes.org\/index.php\/wp-json\/wp\/v2\/product_tag?post=10741"}],"curies":[{"name":"wp","href":"https:\/\/api.w.org\/{rel}","templated":true}]}}