{"id":10746,"date":"2026-04-03T21:59:42","date_gmt":"2026-04-04T02:59:42","guid":{"rendered":"https:\/\/iglesiatrinacristoes.org\/?post_type=product&#038;p=10746"},"modified":"2026-04-03T22:02:52","modified_gmt":"2026-04-04T03:02:52","slug":"biblia-de-estudio-ryrie-ampliada","status":"publish","type":"product","link":"https:\/\/iglesiatrinacristoes.org\/index.php\/producto\/biblia-de-estudio-ryrie-ampliada\/","title":{"rendered":"Biblia De Estudio Ryrie Ampliada"},"content":{"rendered":"<style type=\"text\/css\"><\/style><p>Editorial: Portavoz<br \/>\nDimensiones: cm<br \/>\nCubierta: Tapa dura<br \/>\nIdioma: Espa\u00f1ol<\/p>\n<p>La Biblia de estudio Ryrie ampliada con \u00edndice es una herramienta \u00fanica y amplia que satisface todas las necesidades del estudio de la Biblia. Incluye: &#8211; 10.000 notas explicativas concisas &#8211; Abundantes mapas, cuadros, cronolog\u00edas y diagramas &#8211; Extensas referencias cruzadas &#8211; \u00cdndice de temas ampliado &#8211; Amplia concordancia &#8211; Breve resumen de doctrinas b\u00edblicas &#8211; La inspiraci\u00f3n de la Biblia &#8211; C\u00f3mo comprender la Biblia &#8211; C\u00f3mo nos lleg\u00f3 la Biblia &#8211; Significado de la salvaci\u00f3n y bendiciones que comporta &#8211; La arqueolog\u00eda y la Biblia &#8211; Panorama de la historia de la iglesia &#8211; Bosquejos de los libros en un formato f\u00e1cil de leer &#8211; Introducci\u00f3n minuciosa a cada libro &#8211; Introducci\u00f3n al Antiguo y Nuevo Testamento as\u00ed como a los Evangelios &#8211; Palabras de Jes\u00fas en rojo<br \/>\n2. DESCRIPCI\u00d3N<br \/>\nEsta Biblia de estudio es una herramienta \u00fanica y amplia que satisface todas las necesidades del estudio de la Biblia. Los a\u00f1os de estudio, ense\u00f1anza y producci\u00f3n literaria del doctor Ryrie lo califican de una manera excepcional para entender las verdades fundamentales de las Escrituras.<\/p>\n<p>Otras caracter\u00edsticas:<\/p>\n<p>Palabras de Cristo en rojo.<br \/>\n10.000 notas explicativas concisas.<br \/>\nAbundantes mapas, cuadros, cronolog\u00edas y diagramas.<br \/>\nBosquejos de los libros en un formato f\u00e1cil de leer.<br \/>\nIndice de temas ampliado.<br \/>\nExtensas referencias cruzadas.<br \/>\nIntroducci\u00f3n minuciosa a cada libro.<br \/>\nIntroducci\u00f3n al Antiguo y Nuevo Testamento as\u00ed como a los Evangelios.<br \/>\nAmplia concordancia.<br \/>\n18 mapas a todo color.<br \/>\nCronolog\u00eda hist\u00f3rica de 8 p\u00e1ginas.<br \/>\nPlan para leer la Biblia en un a\u00f1o.<\/p>\n","protected":false},"excerpt":{"rendered":"<p>Biblia de estudio Ryrie ampliada<br \/>\nSu manera de estudiar la biblia cambiar\u00e1 por completo<br \/>\n\u201cLa biblia es el libro m\u00e1s grande de todos; estudiarla es la m\u00e1s noble de todas las ocupaciones; entenderla, la m\u00e1s elevada de todas las metas\u201d.<br \/>\n-Dr. Charles C. Ryrie<br \/>\nLa biblia de estudio Ryrie est\u00e1 concedida especialmente para alcanzar esa meta. Es una herramienta \u00fanica y amplia que satisface todas las necesidades del estudio de la biblia. Incluye secciones como:<br \/>\n\u2022 Breve resumen de doctrinas b\u00edblicas<br \/>\n\u2022 La inspiraci\u00f3n de la biblia<br \/>\n\u2022 C\u00f3mo comprender la biblia<br \/>\n\u2022 Como nos lleg\u00f3 biblia<br \/>\n\u2022 Significado de la salvaci\u00f3n y bendiciones que comparta<br \/>\n\u2022 La arqueolog\u00eda y la Biblia<br \/>\n\u2022 Panorama de la historia de la iglesia<br \/>\nLos a\u00f1os de estudio, ense\u00f1anza y producci\u00f3n literaria del doctor Ryrie lo califican de una manera excepcional para entender las verdades fundamentales de las Escrituras.<br \/>\nOtras caracter\u00edsticas:<br \/>\n\u2022 10.000 notas explicativas concias.<br \/>\n\u2022 Abundantes mapas, cuadros, cronolog\u00edas y diagramas.<br \/>\n\u2022 Bosquejos de los libros en un formato f\u00e1cil de leer.<br \/>\n\u2022 \u00cdndice de temas ampliado.<br \/>\n\u2022 Extensas referencias cruzadas.<br \/>\n\u2022 Introducci\u00f3n minuciosa a cada libro.<br \/>\n\u2022 Introducci\u00f3n al Antiguo y Nuevo Testamento as\u00ed como a los Evangelios.<br \/>\n\u2022 Amplia concordancia.<br \/>\n\u2022 18 mapas a todo color.<br \/>\n\u2022 Cronolog\u00eda b\u00edblica de 8 p\u00e1ginas.<br \/>\n\u2022 Plan para leer la biblia en un a\u00f1o.<\/p>\n<p>Una herramienta completa de estudio y referencia<\/p>\n<p>Charles C. Ryrie (te\u00f3logo y escritor de 28 libros, los cuales se han vendido m\u00e1s de un mill\u00f3n y medio de ejemplares en todo el mundo).<\/p>\n","protected":false},"featured_media":10747,"comment_status":"open","ping_status":"closed","template":"","meta":{"om_disable_all_campaigns":false},"product_brand":[],"product_cat":[86],"product_tag":[],"class_list":{"0":"post-10746","1":"product","2":"type-product","3":"status-publish","4":"has-post-thumbnail","6":"product_cat-libreria","8":"first","9":"instock","10":"shipping-taxable","11":"purchasable","12":"product-type-simple"},"yoast_head":"<!-- This site is optimized with the Yoast SEO plugin v26.3 - https:\/\/yoast.com\/wordpress\/plugins\/seo\/ -->\n<title>Biblia De Estudio Ryrie Ampliada - Iglesia Trina &quot;Cristo Es&quot;<\/title>\n<meta name=\"robots\" content=\"index, follow, max-snippet:-1, max-image-preview:large, max-video-preview:-1\" \/>\n<link rel=\"canonical\" href=\"https:\/\/iglesiatrinacristoes.org\/index.php\/producto\/biblia-de-estudio-ryrie-ampliada\/\" \/>\n<meta property=\"og:locale\" content=\"es_ES\" \/>\n<meta property=\"og:type\" content=\"article\" \/>\n<meta property=\"og:title\" content=\"Biblia De Estudio Ryrie Ampliada - Iglesia Trina &quot;Cristo Es&quot;\" \/>\n<meta property=\"og:description\" content=\"Biblia de estudio Ryrie ampliada Su manera de estudiar la biblia cambiar\u00e1 por completo \u201cLa biblia es el libro m\u00e1s grande de todos; estudiarla es la m\u00e1s noble de todas las ocupaciones; entenderla, la m\u00e1s elevada de todas las metas\u201d. -Dr. Charles C. Ryrie La biblia de estudio Ryrie est\u00e1 concedida especialmente para alcanzar esa meta. Es una herramienta \u00fanica y amplia que satisface todas las necesidades del estudio de la biblia. Incluye secciones como: \u2022 Breve resumen de doctrinas b\u00edblicas \u2022 La inspiraci\u00f3n de la biblia \u2022 C\u00f3mo comprender la biblia \u2022 Como nos lleg\u00f3 biblia \u2022 Significado de la salvaci\u00f3n y bendiciones que comparta \u2022 La arqueolog\u00eda y la Biblia \u2022 Panorama de la historia de la iglesia Los a\u00f1os de estudio, ense\u00f1anza y producci\u00f3n literaria del doctor Ryrie lo califican de una manera excepcional para entender las verdades fundamentales de las Escrituras. Otras caracter\u00edsticas: \u2022 10.000 notas explicativas concias. \u2022 Abundantes mapas, cuadros, cronolog\u00edas y diagramas. \u2022 Bosquejos de los libros en un formato f\u00e1cil de leer. \u2022 \u00cdndice de temas ampliado. \u2022 Extensas referencias cruzadas. \u2022 Introducci\u00f3n minuciosa a cada libro. \u2022 Introducci\u00f3n al Antiguo y Nuevo Testamento as\u00ed como a los Evangelios. \u2022 Amplia concordancia. \u2022 18 mapas a todo color. \u2022 Cronolog\u00eda b\u00edblica de 8 p\u00e1ginas. \u2022 Plan para leer la biblia en un a\u00f1o.  Una herramienta completa de estudio y referencia  Charles C. Ryrie (te\u00f3logo y escritor de 28 libros, los cuales se han vendido m\u00e1s de un mill\u00f3n y medio de ejemplares en todo el mundo).\" \/>\n<meta property=\"og:url\" content=\"https:\/\/iglesiatrinacristoes.org\/index.php\/producto\/biblia-de-estudio-ryrie-ampliada\/\" \/>\n<meta property=\"og:site_name\" content=\"Iglesia Trina &quot;Cristo Es&quot;\" \/>\n<meta property=\"article:modified_time\" content=\"2026-04-04T03:02:52+00:00\" \/>\n<meta property=\"og:image\" content=\"http:\/\/iglesiatrinacristoes.org\/wp-content\/uploads\/2026\/04\/Biblia-De-Estudio-Ryrie-Ampliada.png\" \/>\n\t<meta property=\"og:image:width\" content=\"381\" \/>\n\t<meta property=\"og:image:height\" content=\"580\" \/>\n\t<meta property=\"og:image:type\" content=\"image\/png\" \/>\n<meta name=\"twitter:card\" content=\"summary_large_image\" \/>\n<meta name=\"twitter:label1\" content=\"Tiempo de lectura\" \/>\n\t<meta name=\"twitter:data1\" content=\"2 minutos\" \/>\n<script type=\"application\/ld+json\" class=\"yoast-schema-graph\">{\"@context\":\"https:\/\/schema.org\",\"@graph\":[{\"@type\":\"WebPage\",\"@id\":\"https:\/\/iglesiatrinacristoes.org\/index.php\/producto\/biblia-de-estudio-ryrie-ampliada\/\",\"url\":\"https:\/\/iglesiatrinacristoes.org\/index.php\/producto\/biblia-de-estudio-ryrie-ampliada\/\",\"name\":\"Biblia De Estudio Ryrie Ampliada - Iglesia Trina &quot;Cristo Es&quot;\",\"isPartOf\":{\"@id\":\"https:\/\/iglesiatrinacristoes.org\/#website\"},\"primaryImageOfPage\":{\"@id\":\"https:\/\/iglesiatrinacristoes.org\/index.php\/producto\/biblia-de-estudio-ryrie-ampliada\/#primaryimage\"},\"image\":{\"@id\":\"https:\/\/iglesiatrinacristoes.org\/index.php\/producto\/biblia-de-estudio-ryrie-ampliada\/#primaryimage\"},\"thumbnailUrl\":\"https:\/\/iglesiatrinacristoes.org\/wp-content\/uploads\/2026\/04\/Biblia-De-Estudio-Ryrie-Ampliada.png\",\"datePublished\":\"2026-04-04T02:59:42+00:00\",\"dateModified\":\"2026-04-04T03:02:52+00:00\",\"breadcrumb\":{\"@id\":\"https:\/\/iglesiatrinacristoes.org\/index.php\/producto\/biblia-de-estudio-ryrie-ampliada\/#breadcrumb\"},\"inLanguage\":\"es-CO\",\"potentialAction\":[{\"@type\":\"ReadAction\",\"target\":[\"https:\/\/iglesiatrinacristoes.org\/index.php\/producto\/biblia-de-estudio-ryrie-ampliada\/\"]}]},{\"@type\":\"ImageObject\",\"inLanguage\":\"es-CO\",\"@id\":\"https:\/\/iglesiatrinacristoes.org\/index.php\/producto\/biblia-de-estudio-ryrie-ampliada\/#primaryimage\",\"url\":\"https:\/\/iglesiatrinacristoes.org\/wp-content\/uploads\/2026\/04\/Biblia-De-Estudio-Ryrie-Ampliada.png\",\"contentUrl\":\"https:\/\/iglesiatrinacristoes.org\/wp-content\/uploads\/2026\/04\/Biblia-De-Estudio-Ryrie-Ampliada.png\",\"width\":381,\"height\":580},{\"@type\":\"BreadcrumbList\",\"@id\":\"https:\/\/iglesiatrinacristoes.org\/index.php\/producto\/biblia-de-estudio-ryrie-ampliada\/#breadcrumb\",\"itemListElement\":[{\"@type\":\"ListItem\",\"position\":1,\"name\":\"Inicio\",\"item\":\"https:\/\/iglesiatrinacristoes.org\/\"},{\"@type\":\"ListItem\",\"position\":2,\"name\":\"Tienda\",\"item\":\"https:\/\/iglesiatrinacristoes.org\/index.php\/tienda\/\"},{\"@type\":\"ListItem\",\"position\":3,\"name\":\"Biblia De Estudio Ryrie Ampliada\"}]},{\"@type\":\"WebSite\",\"@id\":\"https:\/\/iglesiatrinacristoes.org\/#website\",\"url\":\"https:\/\/iglesiatrinacristoes.org\/\",\"name\":\"Iglesia Trina &quot;Cristo Es&quot;\",\"description\":\"Iglesia Trina &quot;Cristo Es&quot;\",\"publisher\":{\"@id\":\"https:\/\/iglesiatrinacristoes.org\/#organization\"},\"potentialAction\":[{\"@type\":\"SearchAction\",\"target\":{\"@type\":\"EntryPoint\",\"urlTemplate\":\"https:\/\/iglesiatrinacristoes.org\/?s={search_term_string}\"},\"query-input\":{\"@type\":\"PropertyValueSpecification\",\"valueRequired\":true,\"valueName\":\"search_term_string\"}}],\"inLanguage\":\"es-CO\"},{\"@type\":\"Organization\",\"@id\":\"https:\/\/iglesiatrinacristoes.org\/#organization\",\"name\":\"Iglesia Trina &quot;Cristo Es&quot;\",\"url\":\"https:\/\/iglesiatrinacristoes.org\/\",\"logo\":{\"@type\":\"ImageObject\",\"inLanguage\":\"es-CO\",\"@id\":\"https:\/\/iglesiatrinacristoes.org\/#\/schema\/logo\/image\/\",\"url\":\"\",\"contentUrl\":\"\",\"caption\":\"Iglesia Trina &quot;Cristo Es&quot;\"},\"image\":{\"@id\":\"https:\/\/iglesiatrinacristoes.org\/#\/schema\/logo\/image\/\"}}]}<\/script>\n<!-- \/ Yoast SEO plugin. -->","yoast_head_json":{"title":"Biblia De Estudio Ryrie Ampliada - Iglesia Trina &quot;Cristo Es&quot;","robots":{"index":"index","follow":"follow","max-snippet":"max-snippet:-1","max-image-preview":"max-image-preview:large","max-video-preview":"max-video-preview:-1"},"canonical":"https:\/\/iglesiatrinacristoes.org\/index.php\/producto\/biblia-de-estudio-ryrie-ampliada\/","og_locale":"es_ES","og_type":"article","og_title":"Biblia De Estudio Ryrie Ampliada - Iglesia Trina &quot;Cristo Es&quot;","og_description":"Biblia de estudio Ryrie ampliada Su manera de estudiar la biblia cambiar\u00e1 por completo \u201cLa biblia es el libro m\u00e1s grande de todos; estudiarla es la m\u00e1s noble de todas las ocupaciones; entenderla, la m\u00e1s elevada de todas las metas\u201d. -Dr. Charles C. Ryrie La biblia de estudio Ryrie est\u00e1 concedida especialmente para alcanzar esa meta. Es una herramienta \u00fanica y amplia que satisface todas las necesidades del estudio de la biblia. Incluye secciones como: \u2022 Breve resumen de doctrinas b\u00edblicas \u2022 La inspiraci\u00f3n de la biblia \u2022 C\u00f3mo comprender la biblia \u2022 Como nos lleg\u00f3 biblia \u2022 Significado de la salvaci\u00f3n y bendiciones que comparta \u2022 La arqueolog\u00eda y la Biblia \u2022 Panorama de la historia de la iglesia Los a\u00f1os de estudio, ense\u00f1anza y producci\u00f3n literaria del doctor Ryrie lo califican de una manera excepcional para entender las verdades fundamentales de las Escrituras. Otras caracter\u00edsticas: \u2022 10.000 notas explicativas concias. \u2022 Abundantes mapas, cuadros, cronolog\u00edas y diagramas. \u2022 Bosquejos de los libros en un formato f\u00e1cil de leer. \u2022 \u00cdndice de temas ampliado. \u2022 Extensas referencias cruzadas. \u2022 Introducci\u00f3n minuciosa a cada libro. \u2022 Introducci\u00f3n al Antiguo y Nuevo Testamento as\u00ed como a los Evangelios. \u2022 Amplia concordancia. \u2022 18 mapas a todo color. \u2022 Cronolog\u00eda b\u00edblica de 8 p\u00e1ginas. \u2022 Plan para leer la biblia en un a\u00f1o.  Una herramienta completa de estudio y referencia  Charles C. Ryrie (te\u00f3logo y escritor de 28 libros, los cuales se han vendido m\u00e1s de un mill\u00f3n y medio de ejemplares en todo el mundo).","og_url":"https:\/\/iglesiatrinacristoes.org\/index.php\/producto\/biblia-de-estudio-ryrie-ampliada\/","og_site_name":"Iglesia Trina &quot;Cristo Es&quot;","article_modified_time":"2026-04-04T03:02:52+00:00","og_image":[{"width":381,"height":580,"url":"http:\/\/iglesiatrinacristoes.org\/wp-content\/uploads\/2026\/04\/Biblia-De-Estudio-Ryrie-Ampliada.png","type":"image\/png"}],"twitter_card":"summary_large_image","twitter_misc":{"Tiempo de lectura":"2 minutos"},"schema":{"@context":"https:\/\/schema.org","@graph":[{"@type":"WebPage","@id":"https:\/\/iglesiatrinacristoes.org\/index.php\/producto\/biblia-de-estudio-ryrie-ampliada\/","url":"https:\/\/iglesiatrinacristoes.org\/index.php\/producto\/biblia-de-estudio-ryrie-ampliada\/","name":"Biblia De Estudio Ryrie Ampliada - Iglesia Trina &quot;Cristo Es&quot;","isPartOf":{"@id":"https:\/\/iglesiatrinacristoes.org\/#website"},"primaryImageOfPage":{"@id":"https:\/\/iglesiatrinacristoes.org\/index.php\/producto\/biblia-de-estudio-ryrie-ampliada\/#primaryimage"},"image":{"@id":"https:\/\/iglesiatrinacristoes.org\/index.php\/producto\/biblia-de-estudio-ryrie-ampliada\/#primaryimage"},"thumbnailUrl":"https:\/\/iglesiatrinacristoes.org\/wp-content\/uploads\/2026\/04\/Biblia-De-Estudio-Ryrie-Ampliada.png","datePublished":"2026-04-04T02:59:42+00:00","dateModified":"2026-04-04T03:02:52+00:00","breadcrumb":{"@id":"https:\/\/iglesiatrinacristoes.org\/index.php\/producto\/biblia-de-estudio-ryrie-ampliada\/#breadcrumb"},"inLanguage":"es-CO","potentialAction":[{"@type":"ReadAction","target":["https:\/\/iglesiatrinacristoes.org\/index.php\/producto\/biblia-de-estudio-ryrie-ampliada\/"]}]},{"@type":"ImageObject","inLanguage":"es-CO","@id":"https:\/\/iglesiatrinacristoes.org\/index.php\/producto\/biblia-de-estudio-ryrie-ampliada\/#primaryimage","url":"https:\/\/iglesiatrinacristoes.org\/wp-content\/uploads\/2026\/04\/Biblia-De-Estudio-Ryrie-Ampliada.png","contentUrl":"https:\/\/iglesiatrinacristoes.org\/wp-content\/uploads\/2026\/04\/Biblia-De-Estudio-Ryrie-Ampliada.png","width":381,"height":580},{"@type":"BreadcrumbList","@id":"https:\/\/iglesiatrinacristoes.org\/index.php\/producto\/biblia-de-estudio-ryrie-ampliada\/#breadcrumb","itemListElement":[{"@type":"ListItem","position":1,"name":"Inicio","item":"https:\/\/iglesiatrinacristoes.org\/"},{"@type":"ListItem","position":2,"name":"Tienda","item":"https:\/\/iglesiatrinacristoes.org\/index.php\/tienda\/"},{"@type":"ListItem","position":3,"name":"Biblia De Estudio Ryrie Ampliada"}]},{"@type":"WebSite","@id":"https:\/\/iglesiatrinacristoes.org\/#website","url":"https:\/\/iglesiatrinacristoes.org\/","name":"Iglesia Trina &quot;Cristo Es&quot;","description":"Iglesia Trina &quot;Cristo Es&quot;","publisher":{"@id":"https:\/\/iglesiatrinacristoes.org\/#organization"},"potentialAction":[{"@type":"SearchAction","target":{"@type":"EntryPoint","urlTemplate":"https:\/\/iglesiatrinacristoes.org\/?s={search_term_string}"},"query-input":{"@type":"PropertyValueSpecification","valueRequired":true,"valueName":"search_term_string"}}],"inLanguage":"es-CO"},{"@type":"Organization","@id":"https:\/\/iglesiatrinacristoes.org\/#organization","name":"Iglesia Trina &quot;Cristo Es&quot;","url":"https:\/\/iglesiatrinacristoes.org\/","logo":{"@type":"ImageObject","inLanguage":"es-CO","@id":"https:\/\/iglesiatrinacristoes.org\/#\/schema\/logo\/image\/","url":"","contentUrl":"","caption":"Iglesia Trina &quot;Cristo Es&quot;"},"image":{"@id":"https:\/\/iglesiatrinacristoes.org\/#\/schema\/logo\/image\/"}}]}},"_links":{"self":[{"href":"https:\/\/iglesiatrinacristoes.org\/index.php\/wp-json\/wp\/v2\/product\/10746","targetHints":{"allow":["GET"]}}],"collection":[{"href":"https:\/\/iglesiatrinacristoes.org\/index.php\/wp-json\/wp\/v2\/product"}],"about":[{"href":"https:\/\/iglesiatrinacristoes.org\/index.php\/wp-json\/wp\/v2\/types\/product"}],"replies":[{"embeddable":true,"href":"https:\/\/iglesiatrinacristoes.org\/index.php\/wp-json\/wp\/v2\/comments?post=10746"}],"wp:featuredmedia":[{"embeddable":true,"href":"https:\/\/iglesiatrinacristoes.org\/index.php\/wp-json\/wp\/v2\/media\/10747"}],"wp:attachment":[{"href":"https:\/\/iglesiatrinacristoes.org\/index.php\/wp-json\/wp\/v2\/media?parent=10746"}],"wp:term":[{"taxonomy":"product_brand","embeddable":true,"href":"https:\/\/iglesiatrinacristoes.org\/index.php\/wp-json\/wp\/v2\/product_brand?post=10746"},{"taxonomy":"product_cat","embeddable":true,"href":"https:\/\/iglesiatrinacristoes.org\/index.php\/wp-json\/wp\/v2\/product_cat?post=10746"},{"taxonomy":"product_tag","embeddable":true,"href":"https:\/\/iglesiatrinacristoes.org\/index.php\/wp-json\/wp\/v2\/product_tag?post=10746"}],"curies":[{"name":"wp","href":"https:\/\/api.w.org\/{rel}","templated":true}]}}