{"id":10786,"date":"2026-04-14T19:28:19","date_gmt":"2026-04-15T00:28:19","guid":{"rendered":"https:\/\/iglesiatrinacristoes.org\/?post_type=product&#038;p=10786"},"modified":"2026-04-14T19:30:12","modified_gmt":"2026-04-15T00:30:12","slug":"santa-bibia-de-la-familia-nvi","status":"publish","type":"product","link":"https:\/\/iglesiatrinacristoes.org\/index.php\/producto\/santa-bibia-de-la-familia-nvi\/","title":{"rendered":"Santa Bibia De La Familia  (NVI)"},"content":{"rendered":"<style type=\"text\/css\"><\/style><p>Editorial: Vida<br \/>\nDimensiones: cm<br \/>\nCubierta<\/p>\n<p>&nbsp;<\/p>\n<p>&nbsp;<\/p>\n","protected":false},"excerpt":{"rendered":"<p>Un tesoro de la familia<br \/>\nLa tradici\u00f3n de la biblia de la familia ha pasado de generaci\u00f3n a generaci\u00f3n por siglos. Millones de hogares han anotado sus acontecimientos m\u00e1s significativos en las p\u00e1ginas de la Biblia, el \u00fanico libro que significa m\u00e1s para ellos que cualquier otro libro del mundo. Con el paso de los a\u00f1os y las generaciones, estas Biblias han llegado a ser recuerdos atesorados, puestos que cuentan las historias de generaciones de creyentes fieles. La Santa Biblia de la Familia Nueva Versi\u00f3n Internacional contin\u00faa esta tradici\u00f3n, ofreciendo un hermoso recuerdo que su familia hallar\u00e1 m\u00e1s valioso con el paso de los a\u00f1os.<br \/>\nCaracter\u00edsticas<br \/>\n\u2022 Texto completo de la Nueva Versi\u00f3n Internacional.<br \/>\n\u2022 Presentaci\u00f3n completa y secci\u00f3n de historia de la familia para anotar informaci\u00f3n referente al \u00e1rbol familiar, nacimientos, matrimonios, defunciones, y registros de iglesia.<br \/>\n\u2022 Palabras de Jes\u00fas en rojo.<br \/>\n\u2022 P\u00e1ginas de hermoso arte a todo color que muestra diferentes pasajes de las Escrituras.<br \/>\n\u2022 Glosario.<br \/>\n\u2022 Mapas a todo color.<\/p>\n","protected":false},"featured_media":10787,"comment_status":"open","ping_status":"closed","template":"","meta":{"om_disable_all_campaigns":false},"product_brand":[],"product_cat":[86],"product_tag":[],"class_list":{"0":"post-10786","1":"product","2":"type-product","3":"status-publish","4":"has-post-thumbnail","6":"product_cat-libreria","8":"first","9":"instock","10":"shipping-taxable","11":"purchasable","12":"product-type-simple"},"yoast_head":"<!-- This site is optimized with the Yoast SEO plugin v26.3 - https:\/\/yoast.com\/wordpress\/plugins\/seo\/ -->\n<title>Santa Bibia De La Familia (NVI) - Iglesia Trina &quot;Cristo Es&quot;<\/title>\n<meta name=\"robots\" content=\"index, follow, max-snippet:-1, max-image-preview:large, max-video-preview:-1\" \/>\n<link rel=\"canonical\" href=\"https:\/\/iglesiatrinacristoes.org\/index.php\/producto\/santa-bibia-de-la-familia-nvi\/\" \/>\n<meta property=\"og:locale\" content=\"es_ES\" \/>\n<meta property=\"og:type\" content=\"article\" \/>\n<meta property=\"og:title\" content=\"Santa Bibia De La Familia (NVI) - Iglesia Trina &quot;Cristo Es&quot;\" \/>\n<meta property=\"og:description\" content=\"Un tesoro de la familia La tradici\u00f3n de la biblia de la familia ha pasado de generaci\u00f3n a generaci\u00f3n por siglos. Millones de hogares han anotado sus acontecimientos m\u00e1s significativos en las p\u00e1ginas de la Biblia, el \u00fanico libro que significa m\u00e1s para ellos que cualquier otro libro del mundo. Con el paso de los a\u00f1os y las generaciones, estas Biblias han llegado a ser recuerdos atesorados, puestos que cuentan las historias de generaciones de creyentes fieles. La Santa Biblia de la Familia Nueva Versi\u00f3n Internacional contin\u00faa esta tradici\u00f3n, ofreciendo un hermoso recuerdo que su familia hallar\u00e1 m\u00e1s valioso con el paso de los a\u00f1os. Caracter\u00edsticas \u2022 Texto completo de la Nueva Versi\u00f3n Internacional. \u2022 Presentaci\u00f3n completa y secci\u00f3n de historia de la familia para anotar informaci\u00f3n referente al \u00e1rbol familiar, nacimientos, matrimonios, defunciones, y registros de iglesia. \u2022 Palabras de Jes\u00fas en rojo. \u2022 P\u00e1ginas de hermoso arte a todo color que muestra diferentes pasajes de las Escrituras. \u2022 Glosario. \u2022 Mapas a todo color.\" \/>\n<meta property=\"og:url\" content=\"https:\/\/iglesiatrinacristoes.org\/index.php\/producto\/santa-bibia-de-la-familia-nvi\/\" \/>\n<meta property=\"og:site_name\" content=\"Iglesia Trina &quot;Cristo Es&quot;\" \/>\n<meta property=\"article:modified_time\" content=\"2026-04-15T00:30:12+00:00\" \/>\n<meta property=\"og:image\" content=\"http:\/\/iglesiatrinacristoes.org\/wp-content\/uploads\/2026\/04\/Santa-Bibia-De-La-Familia.png\" \/>\n\t<meta property=\"og:image:width\" content=\"381\" \/>\n\t<meta property=\"og:image:height\" content=\"580\" \/>\n\t<meta property=\"og:image:type\" content=\"image\/png\" \/>\n<meta name=\"twitter:card\" content=\"summary_large_image\" \/>\n<meta name=\"twitter:label1\" content=\"Tiempo de lectura\" \/>\n\t<meta name=\"twitter:data1\" content=\"1 minuto\" \/>\n<script type=\"application\/ld+json\" class=\"yoast-schema-graph\">{\"@context\":\"https:\/\/schema.org\",\"@graph\":[{\"@type\":\"WebPage\",\"@id\":\"https:\/\/iglesiatrinacristoes.org\/index.php\/producto\/santa-bibia-de-la-familia-nvi\/\",\"url\":\"https:\/\/iglesiatrinacristoes.org\/index.php\/producto\/santa-bibia-de-la-familia-nvi\/\",\"name\":\"Santa Bibia De La Familia (NVI) - Iglesia Trina &quot;Cristo Es&quot;\",\"isPartOf\":{\"@id\":\"https:\/\/iglesiatrinacristoes.org\/#website\"},\"primaryImageOfPage\":{\"@id\":\"https:\/\/iglesiatrinacristoes.org\/index.php\/producto\/santa-bibia-de-la-familia-nvi\/#primaryimage\"},\"image\":{\"@id\":\"https:\/\/iglesiatrinacristoes.org\/index.php\/producto\/santa-bibia-de-la-familia-nvi\/#primaryimage\"},\"thumbnailUrl\":\"https:\/\/iglesiatrinacristoes.org\/wp-content\/uploads\/2026\/04\/Santa-Bibia-De-La-Familia.png\",\"datePublished\":\"2026-04-15T00:28:19+00:00\",\"dateModified\":\"2026-04-15T00:30:12+00:00\",\"breadcrumb\":{\"@id\":\"https:\/\/iglesiatrinacristoes.org\/index.php\/producto\/santa-bibia-de-la-familia-nvi\/#breadcrumb\"},\"inLanguage\":\"es-CO\",\"potentialAction\":[{\"@type\":\"ReadAction\",\"target\":[\"https:\/\/iglesiatrinacristoes.org\/index.php\/producto\/santa-bibia-de-la-familia-nvi\/\"]}]},{\"@type\":\"ImageObject\",\"inLanguage\":\"es-CO\",\"@id\":\"https:\/\/iglesiatrinacristoes.org\/index.php\/producto\/santa-bibia-de-la-familia-nvi\/#primaryimage\",\"url\":\"https:\/\/iglesiatrinacristoes.org\/wp-content\/uploads\/2026\/04\/Santa-Bibia-De-La-Familia.png\",\"contentUrl\":\"https:\/\/iglesiatrinacristoes.org\/wp-content\/uploads\/2026\/04\/Santa-Bibia-De-La-Familia.png\",\"width\":381,\"height\":580},{\"@type\":\"BreadcrumbList\",\"@id\":\"https:\/\/iglesiatrinacristoes.org\/index.php\/producto\/santa-bibia-de-la-familia-nvi\/#breadcrumb\",\"itemListElement\":[{\"@type\":\"ListItem\",\"position\":1,\"name\":\"Inicio\",\"item\":\"https:\/\/iglesiatrinacristoes.org\/\"},{\"@type\":\"ListItem\",\"position\":2,\"name\":\"Tienda\",\"item\":\"https:\/\/iglesiatrinacristoes.org\/index.php\/tienda\/\"},{\"@type\":\"ListItem\",\"position\":3,\"name\":\"Santa Bibia De La Familia (NVI)\"}]},{\"@type\":\"WebSite\",\"@id\":\"https:\/\/iglesiatrinacristoes.org\/#website\",\"url\":\"https:\/\/iglesiatrinacristoes.org\/\",\"name\":\"Iglesia Trina &quot;Cristo Es&quot;\",\"description\":\"Iglesia Trina &quot;Cristo Es&quot;\",\"publisher\":{\"@id\":\"https:\/\/iglesiatrinacristoes.org\/#organization\"},\"potentialAction\":[{\"@type\":\"SearchAction\",\"target\":{\"@type\":\"EntryPoint\",\"urlTemplate\":\"https:\/\/iglesiatrinacristoes.org\/?s={search_term_string}\"},\"query-input\":{\"@type\":\"PropertyValueSpecification\",\"valueRequired\":true,\"valueName\":\"search_term_string\"}}],\"inLanguage\":\"es-CO\"},{\"@type\":\"Organization\",\"@id\":\"https:\/\/iglesiatrinacristoes.org\/#organization\",\"name\":\"Iglesia Trina &quot;Cristo Es&quot;\",\"url\":\"https:\/\/iglesiatrinacristoes.org\/\",\"logo\":{\"@type\":\"ImageObject\",\"inLanguage\":\"es-CO\",\"@id\":\"https:\/\/iglesiatrinacristoes.org\/#\/schema\/logo\/image\/\",\"url\":\"\",\"contentUrl\":\"\",\"caption\":\"Iglesia Trina &quot;Cristo Es&quot;\"},\"image\":{\"@id\":\"https:\/\/iglesiatrinacristoes.org\/#\/schema\/logo\/image\/\"}}]}<\/script>\n<!-- \/ Yoast SEO plugin. -->","yoast_head_json":{"title":"Santa Bibia De La Familia (NVI) - Iglesia Trina &quot;Cristo Es&quot;","robots":{"index":"index","follow":"follow","max-snippet":"max-snippet:-1","max-image-preview":"max-image-preview:large","max-video-preview":"max-video-preview:-1"},"canonical":"https:\/\/iglesiatrinacristoes.org\/index.php\/producto\/santa-bibia-de-la-familia-nvi\/","og_locale":"es_ES","og_type":"article","og_title":"Santa Bibia De La Familia (NVI) - Iglesia Trina &quot;Cristo Es&quot;","og_description":"Un tesoro de la familia La tradici\u00f3n de la biblia de la familia ha pasado de generaci\u00f3n a generaci\u00f3n por siglos. Millones de hogares han anotado sus acontecimientos m\u00e1s significativos en las p\u00e1ginas de la Biblia, el \u00fanico libro que significa m\u00e1s para ellos que cualquier otro libro del mundo. Con el paso de los a\u00f1os y las generaciones, estas Biblias han llegado a ser recuerdos atesorados, puestos que cuentan las historias de generaciones de creyentes fieles. La Santa Biblia de la Familia Nueva Versi\u00f3n Internacional contin\u00faa esta tradici\u00f3n, ofreciendo un hermoso recuerdo que su familia hallar\u00e1 m\u00e1s valioso con el paso de los a\u00f1os. Caracter\u00edsticas \u2022 Texto completo de la Nueva Versi\u00f3n Internacional. \u2022 Presentaci\u00f3n completa y secci\u00f3n de historia de la familia para anotar informaci\u00f3n referente al \u00e1rbol familiar, nacimientos, matrimonios, defunciones, y registros de iglesia. \u2022 Palabras de Jes\u00fas en rojo. \u2022 P\u00e1ginas de hermoso arte a todo color que muestra diferentes pasajes de las Escrituras. \u2022 Glosario. \u2022 Mapas a todo color.","og_url":"https:\/\/iglesiatrinacristoes.org\/index.php\/producto\/santa-bibia-de-la-familia-nvi\/","og_site_name":"Iglesia Trina &quot;Cristo Es&quot;","article_modified_time":"2026-04-15T00:30:12+00:00","og_image":[{"width":381,"height":580,"url":"http:\/\/iglesiatrinacristoes.org\/wp-content\/uploads\/2026\/04\/Santa-Bibia-De-La-Familia.png","type":"image\/png"}],"twitter_card":"summary_large_image","twitter_misc":{"Tiempo de lectura":"1 minuto"},"schema":{"@context":"https:\/\/schema.org","@graph":[{"@type":"WebPage","@id":"https:\/\/iglesiatrinacristoes.org\/index.php\/producto\/santa-bibia-de-la-familia-nvi\/","url":"https:\/\/iglesiatrinacristoes.org\/index.php\/producto\/santa-bibia-de-la-familia-nvi\/","name":"Santa Bibia De La Familia (NVI) - Iglesia Trina &quot;Cristo Es&quot;","isPartOf":{"@id":"https:\/\/iglesiatrinacristoes.org\/#website"},"primaryImageOfPage":{"@id":"https:\/\/iglesiatrinacristoes.org\/index.php\/producto\/santa-bibia-de-la-familia-nvi\/#primaryimage"},"image":{"@id":"https:\/\/iglesiatrinacristoes.org\/index.php\/producto\/santa-bibia-de-la-familia-nvi\/#primaryimage"},"thumbnailUrl":"https:\/\/iglesiatrinacristoes.org\/wp-content\/uploads\/2026\/04\/Santa-Bibia-De-La-Familia.png","datePublished":"2026-04-15T00:28:19+00:00","dateModified":"2026-04-15T00:30:12+00:00","breadcrumb":{"@id":"https:\/\/iglesiatrinacristoes.org\/index.php\/producto\/santa-bibia-de-la-familia-nvi\/#breadcrumb"},"inLanguage":"es-CO","potentialAction":[{"@type":"ReadAction","target":["https:\/\/iglesiatrinacristoes.org\/index.php\/producto\/santa-bibia-de-la-familia-nvi\/"]}]},{"@type":"ImageObject","inLanguage":"es-CO","@id":"https:\/\/iglesiatrinacristoes.org\/index.php\/producto\/santa-bibia-de-la-familia-nvi\/#primaryimage","url":"https:\/\/iglesiatrinacristoes.org\/wp-content\/uploads\/2026\/04\/Santa-Bibia-De-La-Familia.png","contentUrl":"https:\/\/iglesiatrinacristoes.org\/wp-content\/uploads\/2026\/04\/Santa-Bibia-De-La-Familia.png","width":381,"height":580},{"@type":"BreadcrumbList","@id":"https:\/\/iglesiatrinacristoes.org\/index.php\/producto\/santa-bibia-de-la-familia-nvi\/#breadcrumb","itemListElement":[{"@type":"ListItem","position":1,"name":"Inicio","item":"https:\/\/iglesiatrinacristoes.org\/"},{"@type":"ListItem","position":2,"name":"Tienda","item":"https:\/\/iglesiatrinacristoes.org\/index.php\/tienda\/"},{"@type":"ListItem","position":3,"name":"Santa Bibia De La Familia (NVI)"}]},{"@type":"WebSite","@id":"https:\/\/iglesiatrinacristoes.org\/#website","url":"https:\/\/iglesiatrinacristoes.org\/","name":"Iglesia Trina &quot;Cristo Es&quot;","description":"Iglesia Trina &quot;Cristo Es&quot;","publisher":{"@id":"https:\/\/iglesiatrinacristoes.org\/#organization"},"potentialAction":[{"@type":"SearchAction","target":{"@type":"EntryPoint","urlTemplate":"https:\/\/iglesiatrinacristoes.org\/?s={search_term_string}"},"query-input":{"@type":"PropertyValueSpecification","valueRequired":true,"valueName":"search_term_string"}}],"inLanguage":"es-CO"},{"@type":"Organization","@id":"https:\/\/iglesiatrinacristoes.org\/#organization","name":"Iglesia Trina &quot;Cristo Es&quot;","url":"https:\/\/iglesiatrinacristoes.org\/","logo":{"@type":"ImageObject","inLanguage":"es-CO","@id":"https:\/\/iglesiatrinacristoes.org\/#\/schema\/logo\/image\/","url":"","contentUrl":"","caption":"Iglesia Trina &quot;Cristo Es&quot;"},"image":{"@id":"https:\/\/iglesiatrinacristoes.org\/#\/schema\/logo\/image\/"}}]}},"_links":{"self":[{"href":"https:\/\/iglesiatrinacristoes.org\/index.php\/wp-json\/wp\/v2\/product\/10786","targetHints":{"allow":["GET"]}}],"collection":[{"href":"https:\/\/iglesiatrinacristoes.org\/index.php\/wp-json\/wp\/v2\/product"}],"about":[{"href":"https:\/\/iglesiatrinacristoes.org\/index.php\/wp-json\/wp\/v2\/types\/product"}],"replies":[{"embeddable":true,"href":"https:\/\/iglesiatrinacristoes.org\/index.php\/wp-json\/wp\/v2\/comments?post=10786"}],"wp:featuredmedia":[{"embeddable":true,"href":"https:\/\/iglesiatrinacristoes.org\/index.php\/wp-json\/wp\/v2\/media\/10787"}],"wp:attachment":[{"href":"https:\/\/iglesiatrinacristoes.org\/index.php\/wp-json\/wp\/v2\/media?parent=10786"}],"wp:term":[{"taxonomy":"product_brand","embeddable":true,"href":"https:\/\/iglesiatrinacristoes.org\/index.php\/wp-json\/wp\/v2\/product_brand?post=10786"},{"taxonomy":"product_cat","embeddable":true,"href":"https:\/\/iglesiatrinacristoes.org\/index.php\/wp-json\/wp\/v2\/product_cat?post=10786"},{"taxonomy":"product_tag","embeddable":true,"href":"https:\/\/iglesiatrinacristoes.org\/index.php\/wp-json\/wp\/v2\/product_tag?post=10786"}],"curies":[{"name":"wp","href":"https:\/\/api.w.org\/{rel}","templated":true}]}}