{"id":9294,"date":"2025-05-30T20:41:54","date_gmt":"2025-05-31T01:41:54","guid":{"rendered":"https:\/\/iglesiatrinacristoes.org\/?post_type=product&#038;p=9294"},"modified":"2025-07-03T23:29:57","modified_gmt":"2025-07-04T04:29:57","slug":"santa-biblia-nueva-vida-version-nvi","status":"publish","type":"product","link":"https:\/\/iglesiatrinacristoes.org\/index.php\/producto\/santa-biblia-nueva-vida-version-nvi\/","title":{"rendered":"Santa Biblia  Nueva Vida Versi\u00f3n (NVI)"},"content":{"rendered":"<style type=\"text\/css\"><\/style><div class=\"row\">\n<div class=\"col-xs-12 padding-xs-0\">\n<div class=\"ficha font-weight-light font-size-normal color-text\">\n<div class=\"row\">\n<div class=\"col-xs-5\">Esta Biblia ofrece claridad para la lectura p\u00fablica y privada, la memorizaci\u00f3n, la predicaci\u00f3n y la ense\u00f1anza, la fidelidad a los textos originales en hebreo y griego, de los cuales se tradujo directamente. Dignidad y elegancia en lenguaje moderno.<br \/>\nDetalles del producto<br \/>\nPasta blanda: 1316 p\u00e1ginas<br \/>\nEditor: Vida Pub (1 de noviembre de 2007)<br \/>\nIdioma: Espa\u00f1ol<br \/>\nDimensiones del producto: 13.4 x 2.7 x 19.5 cm<\/div>\n<div><\/div>\n<div>Editorial<br \/>\nVida<br \/>\nDimensiones<br \/>\n21 X 13 X 4 cm<br \/>\nCubierta<br \/>\nTapa blanda<br \/>\nIdioma: Espa\u00f1ol<\/div>\n<\/div>\n<\/div>\n<\/div>\n<\/div>\n","protected":false},"excerpt":{"rendered":"<div class=\"font-weight-light font-size-small color-text\">La Nueva Versi\u00f3n Internacional<br \/>\nTransmite el mensaje eterno de la palabra de Dios en un lenguaje fresco, elegante, fluido y digno, al alcance de todo lector.<br \/>\nCaracter\u00edsticas<br \/>\n\u2022 CLARIDAD para la lectura p\u00fablica y privada, la memorizaci\u00f3n, la predicaci\u00f3n y la ense\u00f1anza.<br \/>\n\u2022 FIDELIDAD a los textos originales hebreo y griego, de los cuales se hizo directamente la traducci\u00f3n.<br \/>\n\u2022 DIGNIDAD y elegancia, propias del lenguaje b\u00edblico, en lenguaje contempor\u00e1neo.<br \/>\n\u2022 Incluye Plan de Salvaci\u00f3n.<br \/>\n\u2022 La Biblia m\u00e1s econ\u00f3mica y adecuada para prop\u00f3sitos misioneros y evangel\u00edsticos.<\/div>\n","protected":false},"featured_media":9344,"comment_status":"open","ping_status":"closed","template":"","meta":{"om_disable_all_campaigns":false},"product_brand":[],"product_cat":[86],"product_tag":[],"class_list":{"0":"post-9294","1":"product","2":"type-product","3":"status-publish","4":"has-post-thumbnail","6":"product_cat-libreria","8":"first","9":"instock","10":"shipping-taxable","11":"purchasable","12":"product-type-simple"},"yoast_head":"<!-- This site is optimized with the Yoast SEO plugin v26.3 - https:\/\/yoast.com\/wordpress\/plugins\/seo\/ -->\n<title>Santa Biblia Nueva Vida Versi\u00f3n (NVI) - Iglesia Trina &quot;Cristo Es&quot;<\/title>\n<meta name=\"robots\" content=\"index, follow, max-snippet:-1, max-image-preview:large, max-video-preview:-1\" \/>\n<link rel=\"canonical\" href=\"https:\/\/iglesiatrinacristoes.org\/index.php\/producto\/santa-biblia-nueva-vida-version-nvi\/\" \/>\n<meta property=\"og:locale\" content=\"es_ES\" \/>\n<meta property=\"og:type\" content=\"article\" \/>\n<meta property=\"og:title\" content=\"Santa Biblia Nueva Vida Versi\u00f3n (NVI) - Iglesia Trina &quot;Cristo Es&quot;\" \/>\n<meta property=\"og:description\" content=\"La Nueva Versi\u00f3n Internacional Transmite el mensaje eterno de la palabra de Dios en un lenguaje fresco, elegante, fluido y digno, al alcance de todo lector. Caracter\u00edsticas \u2022 CLARIDAD para la lectura p\u00fablica y privada, la memorizaci\u00f3n, la predicaci\u00f3n y la ense\u00f1anza. \u2022 FIDELIDAD a los textos originales hebreo y griego, de los cuales se hizo directamente la traducci\u00f3n. \u2022 DIGNIDAD y elegancia, propias del lenguaje b\u00edblico, en lenguaje contempor\u00e1neo. \u2022 Incluye Plan de Salvaci\u00f3n. \u2022 La Biblia m\u00e1s econ\u00f3mica y adecuada para prop\u00f3sitos misioneros y evangel\u00edsticos.\" \/>\n<meta property=\"og:url\" content=\"https:\/\/iglesiatrinacristoes.org\/index.php\/producto\/santa-biblia-nueva-vida-version-nvi\/\" \/>\n<meta property=\"og:site_name\" content=\"Iglesia Trina &quot;Cristo Es&quot;\" \/>\n<meta property=\"article:modified_time\" content=\"2025-07-04T04:29:57+00:00\" \/>\n<meta property=\"og:image\" content=\"http:\/\/iglesiatrinacristoes.org\/wp-content\/uploads\/2025\/07\/Santa-Biblia-Nueva-Vida-Version-NVI-1.jpg\" \/>\n\t<meta property=\"og:image:width\" content=\"330\" \/>\n\t<meta property=\"og:image:height\" content=\"520\" \/>\n\t<meta property=\"og:image:type\" content=\"image\/jpeg\" \/>\n<meta name=\"twitter:card\" content=\"summary_large_image\" \/>\n<meta name=\"twitter:label1\" content=\"Tiempo de lectura\" \/>\n\t<meta name=\"twitter:data1\" content=\"1 minuto\" \/>\n<script type=\"application\/ld+json\" class=\"yoast-schema-graph\">{\"@context\":\"https:\/\/schema.org\",\"@graph\":[{\"@type\":\"WebPage\",\"@id\":\"https:\/\/iglesiatrinacristoes.org\/index.php\/producto\/santa-biblia-nueva-vida-version-nvi\/\",\"url\":\"https:\/\/iglesiatrinacristoes.org\/index.php\/producto\/santa-biblia-nueva-vida-version-nvi\/\",\"name\":\"Santa Biblia Nueva Vida Versi\u00f3n (NVI) - Iglesia Trina &quot;Cristo Es&quot;\",\"isPartOf\":{\"@id\":\"https:\/\/iglesiatrinacristoes.org\/#website\"},\"primaryImageOfPage\":{\"@id\":\"https:\/\/iglesiatrinacristoes.org\/index.php\/producto\/santa-biblia-nueva-vida-version-nvi\/#primaryimage\"},\"image\":{\"@id\":\"https:\/\/iglesiatrinacristoes.org\/index.php\/producto\/santa-biblia-nueva-vida-version-nvi\/#primaryimage\"},\"thumbnailUrl\":\"https:\/\/iglesiatrinacristoes.org\/wp-content\/uploads\/2025\/07\/Santa-Biblia-Nueva-Vida-Version-NVI-1.jpg\",\"datePublished\":\"2025-05-31T01:41:54+00:00\",\"dateModified\":\"2025-07-04T04:29:57+00:00\",\"breadcrumb\":{\"@id\":\"https:\/\/iglesiatrinacristoes.org\/index.php\/producto\/santa-biblia-nueva-vida-version-nvi\/#breadcrumb\"},\"inLanguage\":\"es-CO\",\"potentialAction\":[{\"@type\":\"ReadAction\",\"target\":[\"https:\/\/iglesiatrinacristoes.org\/index.php\/producto\/santa-biblia-nueva-vida-version-nvi\/\"]}]},{\"@type\":\"ImageObject\",\"inLanguage\":\"es-CO\",\"@id\":\"https:\/\/iglesiatrinacristoes.org\/index.php\/producto\/santa-biblia-nueva-vida-version-nvi\/#primaryimage\",\"url\":\"https:\/\/iglesiatrinacristoes.org\/wp-content\/uploads\/2025\/07\/Santa-Biblia-Nueva-Vida-Version-NVI-1.jpg\",\"contentUrl\":\"https:\/\/iglesiatrinacristoes.org\/wp-content\/uploads\/2025\/07\/Santa-Biblia-Nueva-Vida-Version-NVI-1.jpg\",\"width\":330,\"height\":520},{\"@type\":\"BreadcrumbList\",\"@id\":\"https:\/\/iglesiatrinacristoes.org\/index.php\/producto\/santa-biblia-nueva-vida-version-nvi\/#breadcrumb\",\"itemListElement\":[{\"@type\":\"ListItem\",\"position\":1,\"name\":\"Inicio\",\"item\":\"https:\/\/iglesiatrinacristoes.org\/\"},{\"@type\":\"ListItem\",\"position\":2,\"name\":\"Tienda\",\"item\":\"https:\/\/iglesiatrinacristoes.org\/index.php\/tienda\/\"},{\"@type\":\"ListItem\",\"position\":3,\"name\":\"Santa Biblia Nueva Vida Versi\u00f3n (NVI)\"}]},{\"@type\":\"WebSite\",\"@id\":\"https:\/\/iglesiatrinacristoes.org\/#website\",\"url\":\"https:\/\/iglesiatrinacristoes.org\/\",\"name\":\"Iglesia Trina &quot;Cristo Es&quot;\",\"description\":\"Iglesia Trina &quot;Cristo Es&quot;\",\"publisher\":{\"@id\":\"https:\/\/iglesiatrinacristoes.org\/#organization\"},\"potentialAction\":[{\"@type\":\"SearchAction\",\"target\":{\"@type\":\"EntryPoint\",\"urlTemplate\":\"https:\/\/iglesiatrinacristoes.org\/?s={search_term_string}\"},\"query-input\":{\"@type\":\"PropertyValueSpecification\",\"valueRequired\":true,\"valueName\":\"search_term_string\"}}],\"inLanguage\":\"es-CO\"},{\"@type\":\"Organization\",\"@id\":\"https:\/\/iglesiatrinacristoes.org\/#organization\",\"name\":\"Iglesia Trina &quot;Cristo Es&quot;\",\"url\":\"https:\/\/iglesiatrinacristoes.org\/\",\"logo\":{\"@type\":\"ImageObject\",\"inLanguage\":\"es-CO\",\"@id\":\"https:\/\/iglesiatrinacristoes.org\/#\/schema\/logo\/image\/\",\"url\":\"\",\"contentUrl\":\"\",\"caption\":\"Iglesia Trina &quot;Cristo Es&quot;\"},\"image\":{\"@id\":\"https:\/\/iglesiatrinacristoes.org\/#\/schema\/logo\/image\/\"}}]}<\/script>\n<!-- \/ Yoast SEO plugin. -->","yoast_head_json":{"title":"Santa Biblia Nueva Vida Versi\u00f3n (NVI) - Iglesia Trina &quot;Cristo Es&quot;","robots":{"index":"index","follow":"follow","max-snippet":"max-snippet:-1","max-image-preview":"max-image-preview:large","max-video-preview":"max-video-preview:-1"},"canonical":"https:\/\/iglesiatrinacristoes.org\/index.php\/producto\/santa-biblia-nueva-vida-version-nvi\/","og_locale":"es_ES","og_type":"article","og_title":"Santa Biblia Nueva Vida Versi\u00f3n (NVI) - Iglesia Trina &quot;Cristo Es&quot;","og_description":"La Nueva Versi\u00f3n Internacional Transmite el mensaje eterno de la palabra de Dios en un lenguaje fresco, elegante, fluido y digno, al alcance de todo lector. Caracter\u00edsticas \u2022 CLARIDAD para la lectura p\u00fablica y privada, la memorizaci\u00f3n, la predicaci\u00f3n y la ense\u00f1anza. \u2022 FIDELIDAD a los textos originales hebreo y griego, de los cuales se hizo directamente la traducci\u00f3n. \u2022 DIGNIDAD y elegancia, propias del lenguaje b\u00edblico, en lenguaje contempor\u00e1neo. \u2022 Incluye Plan de Salvaci\u00f3n. \u2022 La Biblia m\u00e1s econ\u00f3mica y adecuada para prop\u00f3sitos misioneros y evangel\u00edsticos.","og_url":"https:\/\/iglesiatrinacristoes.org\/index.php\/producto\/santa-biblia-nueva-vida-version-nvi\/","og_site_name":"Iglesia Trina &quot;Cristo Es&quot;","article_modified_time":"2025-07-04T04:29:57+00:00","og_image":[{"width":330,"height":520,"url":"http:\/\/iglesiatrinacristoes.org\/wp-content\/uploads\/2025\/07\/Santa-Biblia-Nueva-Vida-Version-NVI-1.jpg","type":"image\/jpeg"}],"twitter_card":"summary_large_image","twitter_misc":{"Tiempo de lectura":"1 minuto"},"schema":{"@context":"https:\/\/schema.org","@graph":[{"@type":"WebPage","@id":"https:\/\/iglesiatrinacristoes.org\/index.php\/producto\/santa-biblia-nueva-vida-version-nvi\/","url":"https:\/\/iglesiatrinacristoes.org\/index.php\/producto\/santa-biblia-nueva-vida-version-nvi\/","name":"Santa Biblia Nueva Vida Versi\u00f3n (NVI) - Iglesia Trina &quot;Cristo Es&quot;","isPartOf":{"@id":"https:\/\/iglesiatrinacristoes.org\/#website"},"primaryImageOfPage":{"@id":"https:\/\/iglesiatrinacristoes.org\/index.php\/producto\/santa-biblia-nueva-vida-version-nvi\/#primaryimage"},"image":{"@id":"https:\/\/iglesiatrinacristoes.org\/index.php\/producto\/santa-biblia-nueva-vida-version-nvi\/#primaryimage"},"thumbnailUrl":"https:\/\/iglesiatrinacristoes.org\/wp-content\/uploads\/2025\/07\/Santa-Biblia-Nueva-Vida-Version-NVI-1.jpg","datePublished":"2025-05-31T01:41:54+00:00","dateModified":"2025-07-04T04:29:57+00:00","breadcrumb":{"@id":"https:\/\/iglesiatrinacristoes.org\/index.php\/producto\/santa-biblia-nueva-vida-version-nvi\/#breadcrumb"},"inLanguage":"es-CO","potentialAction":[{"@type":"ReadAction","target":["https:\/\/iglesiatrinacristoes.org\/index.php\/producto\/santa-biblia-nueva-vida-version-nvi\/"]}]},{"@type":"ImageObject","inLanguage":"es-CO","@id":"https:\/\/iglesiatrinacristoes.org\/index.php\/producto\/santa-biblia-nueva-vida-version-nvi\/#primaryimage","url":"https:\/\/iglesiatrinacristoes.org\/wp-content\/uploads\/2025\/07\/Santa-Biblia-Nueva-Vida-Version-NVI-1.jpg","contentUrl":"https:\/\/iglesiatrinacristoes.org\/wp-content\/uploads\/2025\/07\/Santa-Biblia-Nueva-Vida-Version-NVI-1.jpg","width":330,"height":520},{"@type":"BreadcrumbList","@id":"https:\/\/iglesiatrinacristoes.org\/index.php\/producto\/santa-biblia-nueva-vida-version-nvi\/#breadcrumb","itemListElement":[{"@type":"ListItem","position":1,"name":"Inicio","item":"https:\/\/iglesiatrinacristoes.org\/"},{"@type":"ListItem","position":2,"name":"Tienda","item":"https:\/\/iglesiatrinacristoes.org\/index.php\/tienda\/"},{"@type":"ListItem","position":3,"name":"Santa Biblia Nueva Vida Versi\u00f3n (NVI)"}]},{"@type":"WebSite","@id":"https:\/\/iglesiatrinacristoes.org\/#website","url":"https:\/\/iglesiatrinacristoes.org\/","name":"Iglesia Trina &quot;Cristo Es&quot;","description":"Iglesia Trina &quot;Cristo Es&quot;","publisher":{"@id":"https:\/\/iglesiatrinacristoes.org\/#organization"},"potentialAction":[{"@type":"SearchAction","target":{"@type":"EntryPoint","urlTemplate":"https:\/\/iglesiatrinacristoes.org\/?s={search_term_string}"},"query-input":{"@type":"PropertyValueSpecification","valueRequired":true,"valueName":"search_term_string"}}],"inLanguage":"es-CO"},{"@type":"Organization","@id":"https:\/\/iglesiatrinacristoes.org\/#organization","name":"Iglesia Trina &quot;Cristo Es&quot;","url":"https:\/\/iglesiatrinacristoes.org\/","logo":{"@type":"ImageObject","inLanguage":"es-CO","@id":"https:\/\/iglesiatrinacristoes.org\/#\/schema\/logo\/image\/","url":"","contentUrl":"","caption":"Iglesia Trina &quot;Cristo Es&quot;"},"image":{"@id":"https:\/\/iglesiatrinacristoes.org\/#\/schema\/logo\/image\/"}}]}},"_links":{"self":[{"href":"https:\/\/iglesiatrinacristoes.org\/index.php\/wp-json\/wp\/v2\/product\/9294","targetHints":{"allow":["GET"]}}],"collection":[{"href":"https:\/\/iglesiatrinacristoes.org\/index.php\/wp-json\/wp\/v2\/product"}],"about":[{"href":"https:\/\/iglesiatrinacristoes.org\/index.php\/wp-json\/wp\/v2\/types\/product"}],"replies":[{"embeddable":true,"href":"https:\/\/iglesiatrinacristoes.org\/index.php\/wp-json\/wp\/v2\/comments?post=9294"}],"wp:featuredmedia":[{"embeddable":true,"href":"https:\/\/iglesiatrinacristoes.org\/index.php\/wp-json\/wp\/v2\/media\/9344"}],"wp:attachment":[{"href":"https:\/\/iglesiatrinacristoes.org\/index.php\/wp-json\/wp\/v2\/media?parent=9294"}],"wp:term":[{"taxonomy":"product_brand","embeddable":true,"href":"https:\/\/iglesiatrinacristoes.org\/index.php\/wp-json\/wp\/v2\/product_brand?post=9294"},{"taxonomy":"product_cat","embeddable":true,"href":"https:\/\/iglesiatrinacristoes.org\/index.php\/wp-json\/wp\/v2\/product_cat?post=9294"},{"taxonomy":"product_tag","embeddable":true,"href":"https:\/\/iglesiatrinacristoes.org\/index.php\/wp-json\/wp\/v2\/product_tag?post=9294"}],"curies":[{"name":"wp","href":"https:\/\/api.w.org\/{rel}","templated":true}]}}