{"id":9458,"date":"2025-08-02T00:15:07","date_gmt":"2025-08-02T05:15:07","guid":{"rendered":"https:\/\/iglesiatrinacristoes.org\/?post_type=product&#038;p=9458"},"modified":"2025-08-02T00:19:10","modified_gmt":"2025-08-02T05:19:10","slug":"biblia-facil-de-leer-dificil-de-dejar-nbd-pasta-naranja","status":"publish","type":"product","link":"https:\/\/iglesiatrinacristoes.org\/index.php\/producto\/biblia-facil-de-leer-dificil-de-dejar-nbd-pasta-naranja\/","title":{"rendered":"Biblia Facil De Leer Dificil De Dejar (NBD) Pasta Naranja"},"content":{"rendered":"<style type=\"text\/css\"><\/style><p>\u00a1Es una edici\u00f3n ideal para personas que est\u00e1n descubriendo las Escrituras por primera vez!<br \/>\nLa Biblia Econ\u00f3mica NBD est\u00e1 dise\u00f1ada para alcanzar a la Nueva Generaci\u00f3n con un lenguaje f\u00e1cil de entender y al mismo tiempo provee las herramientas esenciales para el estudio y el discipulado.<\/p>\n<p>En ella podr\u00e1s encontrar las promesas de Dios para tu vida, incluyendo tambi\u00e9n m\u00faltiples historias fascinantes sobre los milagros que Jes\u00fas hizo en la Tierra. Atr\u00e9vete a empezar tu d\u00eda conociendo la voluntad de Dios por medio de su palabra.<\/p>\n","protected":false},"excerpt":{"rendered":"<p>Caracter\u00edsticas:<br \/>\nPalabras de Jes\u00fas en rojo.<br \/>\nConcordancia.<br \/>\nTiene iconos por toda la Biblia que muestran las profec\u00edas del Mes\u00edas, las profec\u00edas de la Segunda Venida de Cristo, las promesas, Oraciones y milagros de la Biblia<\/p>\n","protected":false},"featured_media":9459,"comment_status":"open","ping_status":"closed","template":"","meta":{"om_disable_all_campaigns":false},"product_brand":[],"product_cat":[86],"product_tag":[],"class_list":{"0":"post-9458","1":"product","2":"type-product","3":"status-publish","4":"has-post-thumbnail","6":"product_cat-libreria","8":"first","9":"instock","10":"shipping-taxable","11":"purchasable","12":"product-type-simple"},"yoast_head":"<!-- This site is optimized with the Yoast SEO plugin v26.3 - https:\/\/yoast.com\/wordpress\/plugins\/seo\/ -->\n<title>Biblia Facil De Leer Dificil De Dejar (NBD) Pasta Naranja - Iglesia Trina &quot;Cristo Es&quot;<\/title>\n<meta name=\"robots\" content=\"index, follow, max-snippet:-1, max-image-preview:large, max-video-preview:-1\" \/>\n<link rel=\"canonical\" href=\"https:\/\/iglesiatrinacristoes.org\/index.php\/producto\/biblia-facil-de-leer-dificil-de-dejar-nbd-pasta-naranja\/\" \/>\n<meta property=\"og:locale\" content=\"es_ES\" \/>\n<meta property=\"og:type\" content=\"article\" \/>\n<meta property=\"og:title\" content=\"Biblia Facil De Leer Dificil De Dejar (NBD) Pasta Naranja - Iglesia Trina &quot;Cristo Es&quot;\" \/>\n<meta property=\"og:description\" content=\"Caracter\u00edsticas: Palabras de Jes\u00fas en rojo. Concordancia. Tiene iconos por toda la Biblia que muestran las profec\u00edas del Mes\u00edas, las profec\u00edas de la Segunda Venida de Cristo, las promesas, Oraciones y milagros de la Biblia\" \/>\n<meta property=\"og:url\" content=\"https:\/\/iglesiatrinacristoes.org\/index.php\/producto\/biblia-facil-de-leer-dificil-de-dejar-nbd-pasta-naranja\/\" \/>\n<meta property=\"og:site_name\" content=\"Iglesia Trina &quot;Cristo Es&quot;\" \/>\n<meta property=\"article:modified_time\" content=\"2025-08-02T05:19:10+00:00\" \/>\n<meta property=\"og:image\" content=\"http:\/\/iglesiatrinacristoes.org\/wp-content\/uploads\/2025\/08\/Biblia-Facil-De-Leer.jpg\" \/>\n\t<meta property=\"og:image:width\" content=\"397\" \/>\n\t<meta property=\"og:image:height\" content=\"600\" \/>\n\t<meta property=\"og:image:type\" content=\"image\/jpeg\" \/>\n<meta name=\"twitter:card\" content=\"summary_large_image\" \/>\n<meta name=\"twitter:label1\" content=\"Tiempo de lectura\" \/>\n\t<meta name=\"twitter:data1\" content=\"1 minuto\" \/>\n<script type=\"application\/ld+json\" class=\"yoast-schema-graph\">{\"@context\":\"https:\/\/schema.org\",\"@graph\":[{\"@type\":\"WebPage\",\"@id\":\"https:\/\/iglesiatrinacristoes.org\/index.php\/producto\/biblia-facil-de-leer-dificil-de-dejar-nbd-pasta-naranja\/\",\"url\":\"https:\/\/iglesiatrinacristoes.org\/index.php\/producto\/biblia-facil-de-leer-dificil-de-dejar-nbd-pasta-naranja\/\",\"name\":\"Biblia Facil De Leer Dificil De Dejar (NBD) Pasta Naranja - Iglesia Trina &quot;Cristo Es&quot;\",\"isPartOf\":{\"@id\":\"https:\/\/iglesiatrinacristoes.org\/#website\"},\"primaryImageOfPage\":{\"@id\":\"https:\/\/iglesiatrinacristoes.org\/index.php\/producto\/biblia-facil-de-leer-dificil-de-dejar-nbd-pasta-naranja\/#primaryimage\"},\"image\":{\"@id\":\"https:\/\/iglesiatrinacristoes.org\/index.php\/producto\/biblia-facil-de-leer-dificil-de-dejar-nbd-pasta-naranja\/#primaryimage\"},\"thumbnailUrl\":\"https:\/\/iglesiatrinacristoes.org\/wp-content\/uploads\/2025\/08\/Biblia-Facil-De-Leer.jpg\",\"datePublished\":\"2025-08-02T05:15:07+00:00\",\"dateModified\":\"2025-08-02T05:19:10+00:00\",\"breadcrumb\":{\"@id\":\"https:\/\/iglesiatrinacristoes.org\/index.php\/producto\/biblia-facil-de-leer-dificil-de-dejar-nbd-pasta-naranja\/#breadcrumb\"},\"inLanguage\":\"es-CO\",\"potentialAction\":[{\"@type\":\"ReadAction\",\"target\":[\"https:\/\/iglesiatrinacristoes.org\/index.php\/producto\/biblia-facil-de-leer-dificil-de-dejar-nbd-pasta-naranja\/\"]}]},{\"@type\":\"ImageObject\",\"inLanguage\":\"es-CO\",\"@id\":\"https:\/\/iglesiatrinacristoes.org\/index.php\/producto\/biblia-facil-de-leer-dificil-de-dejar-nbd-pasta-naranja\/#primaryimage\",\"url\":\"https:\/\/iglesiatrinacristoes.org\/wp-content\/uploads\/2025\/08\/Biblia-Facil-De-Leer.jpg\",\"contentUrl\":\"https:\/\/iglesiatrinacristoes.org\/wp-content\/uploads\/2025\/08\/Biblia-Facil-De-Leer.jpg\",\"width\":397,\"height\":600},{\"@type\":\"BreadcrumbList\",\"@id\":\"https:\/\/iglesiatrinacristoes.org\/index.php\/producto\/biblia-facil-de-leer-dificil-de-dejar-nbd-pasta-naranja\/#breadcrumb\",\"itemListElement\":[{\"@type\":\"ListItem\",\"position\":1,\"name\":\"Inicio\",\"item\":\"https:\/\/iglesiatrinacristoes.org\/\"},{\"@type\":\"ListItem\",\"position\":2,\"name\":\"Tienda\",\"item\":\"https:\/\/iglesiatrinacristoes.org\/index.php\/tienda\/\"},{\"@type\":\"ListItem\",\"position\":3,\"name\":\"Biblia Facil De Leer Dificil De Dejar (NBD) Pasta Naranja\"}]},{\"@type\":\"WebSite\",\"@id\":\"https:\/\/iglesiatrinacristoes.org\/#website\",\"url\":\"https:\/\/iglesiatrinacristoes.org\/\",\"name\":\"Iglesia Trina &quot;Cristo Es&quot;\",\"description\":\"Iglesia Trina &quot;Cristo Es&quot;\",\"publisher\":{\"@id\":\"https:\/\/iglesiatrinacristoes.org\/#organization\"},\"potentialAction\":[{\"@type\":\"SearchAction\",\"target\":{\"@type\":\"EntryPoint\",\"urlTemplate\":\"https:\/\/iglesiatrinacristoes.org\/?s={search_term_string}\"},\"query-input\":{\"@type\":\"PropertyValueSpecification\",\"valueRequired\":true,\"valueName\":\"search_term_string\"}}],\"inLanguage\":\"es-CO\"},{\"@type\":\"Organization\",\"@id\":\"https:\/\/iglesiatrinacristoes.org\/#organization\",\"name\":\"Iglesia Trina &quot;Cristo Es&quot;\",\"url\":\"https:\/\/iglesiatrinacristoes.org\/\",\"logo\":{\"@type\":\"ImageObject\",\"inLanguage\":\"es-CO\",\"@id\":\"https:\/\/iglesiatrinacristoes.org\/#\/schema\/logo\/image\/\",\"url\":\"\",\"contentUrl\":\"\",\"caption\":\"Iglesia Trina &quot;Cristo Es&quot;\"},\"image\":{\"@id\":\"https:\/\/iglesiatrinacristoes.org\/#\/schema\/logo\/image\/\"}}]}<\/script>\n<!-- \/ Yoast SEO plugin. -->","yoast_head_json":{"title":"Biblia Facil De Leer Dificil De Dejar (NBD) Pasta Naranja - Iglesia Trina &quot;Cristo Es&quot;","robots":{"index":"index","follow":"follow","max-snippet":"max-snippet:-1","max-image-preview":"max-image-preview:large","max-video-preview":"max-video-preview:-1"},"canonical":"https:\/\/iglesiatrinacristoes.org\/index.php\/producto\/biblia-facil-de-leer-dificil-de-dejar-nbd-pasta-naranja\/","og_locale":"es_ES","og_type":"article","og_title":"Biblia Facil De Leer Dificil De Dejar (NBD) Pasta Naranja - Iglesia Trina &quot;Cristo Es&quot;","og_description":"Caracter\u00edsticas: Palabras de Jes\u00fas en rojo. Concordancia. Tiene iconos por toda la Biblia que muestran las profec\u00edas del Mes\u00edas, las profec\u00edas de la Segunda Venida de Cristo, las promesas, Oraciones y milagros de la Biblia","og_url":"https:\/\/iglesiatrinacristoes.org\/index.php\/producto\/biblia-facil-de-leer-dificil-de-dejar-nbd-pasta-naranja\/","og_site_name":"Iglesia Trina &quot;Cristo Es&quot;","article_modified_time":"2025-08-02T05:19:10+00:00","og_image":[{"width":397,"height":600,"url":"http:\/\/iglesiatrinacristoes.org\/wp-content\/uploads\/2025\/08\/Biblia-Facil-De-Leer.jpg","type":"image\/jpeg"}],"twitter_card":"summary_large_image","twitter_misc":{"Tiempo de lectura":"1 minuto"},"schema":{"@context":"https:\/\/schema.org","@graph":[{"@type":"WebPage","@id":"https:\/\/iglesiatrinacristoes.org\/index.php\/producto\/biblia-facil-de-leer-dificil-de-dejar-nbd-pasta-naranja\/","url":"https:\/\/iglesiatrinacristoes.org\/index.php\/producto\/biblia-facil-de-leer-dificil-de-dejar-nbd-pasta-naranja\/","name":"Biblia Facil De Leer Dificil De Dejar (NBD) Pasta Naranja - Iglesia Trina &quot;Cristo Es&quot;","isPartOf":{"@id":"https:\/\/iglesiatrinacristoes.org\/#website"},"primaryImageOfPage":{"@id":"https:\/\/iglesiatrinacristoes.org\/index.php\/producto\/biblia-facil-de-leer-dificil-de-dejar-nbd-pasta-naranja\/#primaryimage"},"image":{"@id":"https:\/\/iglesiatrinacristoes.org\/index.php\/producto\/biblia-facil-de-leer-dificil-de-dejar-nbd-pasta-naranja\/#primaryimage"},"thumbnailUrl":"https:\/\/iglesiatrinacristoes.org\/wp-content\/uploads\/2025\/08\/Biblia-Facil-De-Leer.jpg","datePublished":"2025-08-02T05:15:07+00:00","dateModified":"2025-08-02T05:19:10+00:00","breadcrumb":{"@id":"https:\/\/iglesiatrinacristoes.org\/index.php\/producto\/biblia-facil-de-leer-dificil-de-dejar-nbd-pasta-naranja\/#breadcrumb"},"inLanguage":"es-CO","potentialAction":[{"@type":"ReadAction","target":["https:\/\/iglesiatrinacristoes.org\/index.php\/producto\/biblia-facil-de-leer-dificil-de-dejar-nbd-pasta-naranja\/"]}]},{"@type":"ImageObject","inLanguage":"es-CO","@id":"https:\/\/iglesiatrinacristoes.org\/index.php\/producto\/biblia-facil-de-leer-dificil-de-dejar-nbd-pasta-naranja\/#primaryimage","url":"https:\/\/iglesiatrinacristoes.org\/wp-content\/uploads\/2025\/08\/Biblia-Facil-De-Leer.jpg","contentUrl":"https:\/\/iglesiatrinacristoes.org\/wp-content\/uploads\/2025\/08\/Biblia-Facil-De-Leer.jpg","width":397,"height":600},{"@type":"BreadcrumbList","@id":"https:\/\/iglesiatrinacristoes.org\/index.php\/producto\/biblia-facil-de-leer-dificil-de-dejar-nbd-pasta-naranja\/#breadcrumb","itemListElement":[{"@type":"ListItem","position":1,"name":"Inicio","item":"https:\/\/iglesiatrinacristoes.org\/"},{"@type":"ListItem","position":2,"name":"Tienda","item":"https:\/\/iglesiatrinacristoes.org\/index.php\/tienda\/"},{"@type":"ListItem","position":3,"name":"Biblia Facil De Leer Dificil De Dejar (NBD) Pasta Naranja"}]},{"@type":"WebSite","@id":"https:\/\/iglesiatrinacristoes.org\/#website","url":"https:\/\/iglesiatrinacristoes.org\/","name":"Iglesia Trina &quot;Cristo Es&quot;","description":"Iglesia Trina &quot;Cristo Es&quot;","publisher":{"@id":"https:\/\/iglesiatrinacristoes.org\/#organization"},"potentialAction":[{"@type":"SearchAction","target":{"@type":"EntryPoint","urlTemplate":"https:\/\/iglesiatrinacristoes.org\/?s={search_term_string}"},"query-input":{"@type":"PropertyValueSpecification","valueRequired":true,"valueName":"search_term_string"}}],"inLanguage":"es-CO"},{"@type":"Organization","@id":"https:\/\/iglesiatrinacristoes.org\/#organization","name":"Iglesia Trina &quot;Cristo Es&quot;","url":"https:\/\/iglesiatrinacristoes.org\/","logo":{"@type":"ImageObject","inLanguage":"es-CO","@id":"https:\/\/iglesiatrinacristoes.org\/#\/schema\/logo\/image\/","url":"","contentUrl":"","caption":"Iglesia Trina &quot;Cristo Es&quot;"},"image":{"@id":"https:\/\/iglesiatrinacristoes.org\/#\/schema\/logo\/image\/"}}]}},"_links":{"self":[{"href":"https:\/\/iglesiatrinacristoes.org\/index.php\/wp-json\/wp\/v2\/product\/9458","targetHints":{"allow":["GET"]}}],"collection":[{"href":"https:\/\/iglesiatrinacristoes.org\/index.php\/wp-json\/wp\/v2\/product"}],"about":[{"href":"https:\/\/iglesiatrinacristoes.org\/index.php\/wp-json\/wp\/v2\/types\/product"}],"replies":[{"embeddable":true,"href":"https:\/\/iglesiatrinacristoes.org\/index.php\/wp-json\/wp\/v2\/comments?post=9458"}],"wp:featuredmedia":[{"embeddable":true,"href":"https:\/\/iglesiatrinacristoes.org\/index.php\/wp-json\/wp\/v2\/media\/9459"}],"wp:attachment":[{"href":"https:\/\/iglesiatrinacristoes.org\/index.php\/wp-json\/wp\/v2\/media?parent=9458"}],"wp:term":[{"taxonomy":"product_brand","embeddable":true,"href":"https:\/\/iglesiatrinacristoes.org\/index.php\/wp-json\/wp\/v2\/product_brand?post=9458"},{"taxonomy":"product_cat","embeddable":true,"href":"https:\/\/iglesiatrinacristoes.org\/index.php\/wp-json\/wp\/v2\/product_cat?post=9458"},{"taxonomy":"product_tag","embeddable":true,"href":"https:\/\/iglesiatrinacristoes.org\/index.php\/wp-json\/wp\/v2\/product_tag?post=9458"}],"curies":[{"name":"wp","href":"https:\/\/api.w.org\/{rel}","templated":true}]}}